{"id":158,"date":"2012-06-19T19:46:42","date_gmt":"2012-06-19T17:46:42","guid":{"rendered":"http:\/\/ge-eiserfeld.de\/?page_id=158"},"modified":"2024-09-23T19:10:54","modified_gmt":"2024-09-23T18:10:54","slug":"individuelle-forderung","status":"publish","type":"page","link":"https:\/\/www.gesamtschule-eiserfeld.de\/?page_id=158","title":{"rendered":"Individuelle F&ouml;rderung"},"content":{"rendered":"<p>Wir wollen jedes Kind mit seinen individuellen F\u00e4higkeiten wahrnehmen. Daher ist das Konzept der individuellen F\u00f6rderung grundlegend f\u00fcr unsere p\u00e4dagogische und unterrichtliche Arbeit. An unserer Schule greifen in den unterschiedlichen Jahrg\u00e4ngen verschiedene F\u00f6rderkonzepte, die sich auch aus den S\u00e4ulen unseres Schulprogramms ableiten.<\/p>\n<p>Nachfolgend eine \u00dcbersicht:<\/p>\n<table border=\"0\" width=\"400\" cellspacing=\"0\" cellpadding=\"2\">\n<tbody>\n<tr>\n<td valign=\"top\" width=\"39\"><strong>Schulprogramm<\/strong><\/td>\n<td valign=\"top\" width=\"73\"><strong>Jahrgang<\/strong><\/td>\n<td valign=\"top\" width=\"287\"><strong>F\u00f6rderbereich<\/strong><\/td>\n<\/tr>\n<tr>\n<td valign=\"top\" width=\"39\">Lernkompetenz<\/td>\n<td valign=\"top\" width=\"73\">Jg. 5\/6<\/td>\n<td valign=\"top\" width=\"287\">\n<ul>\n<li>Lern- und Leistungsf\u00f6rderung auf Grundlage von z.B. Duisburger Test<\/li>\n<li>Lesetraining, Textverst\u00e4ndnis u. Rechtschreibung<\/li>\n<\/ul>\n<\/td>\n<\/tr>\n<tr>\n<td valign=\"top\" width=\"39\">Pers\u00f6nlichkeitsentwicklung<\/td>\n<td valign=\"top\" width=\"73\">Jg. 7\/8<\/td>\n<td valign=\"top\" width=\"287\">\n<ul>\n<li>Gender<\/li>\n<li>Gemeinn\u00fctzig Handeln als Unterrichtsfach<\/li>\n<li>Berufsorientierungscamp<\/li>\n<li>Potentialcheck<\/li>\n<\/ul>\n<\/td>\n<\/tr>\n<tr>\n<td valign=\"top\" width=\"39\">Berufs- bzw. Oberstufenvorbereitung<\/td>\n<td valign=\"top\" width=\"73\">Jg. 9\/10<\/td>\n<td valign=\"top\" width=\"287\">\n<ul>\n<li>Erg\u00e4nzungsstunden mit Unterrichtsmodulen zur Vorbereitung auf Abschlussqualit\u00e4ten<\/li>\n<li>Kompetenztraining<\/li>\n<li>Bewerbertrainings mit Partnerfirmen<\/li>\n<\/ul>\n<\/td>\n<\/tr>\n<\/tbody>\n<\/table>\n<p><br \/><a href=\"http:\/\/gesamtschule-eiserfeld.de\/?attachment_id=1954\" rel=\"attachment wp-att-1954\"><img data-recalc-dims=\"1\" loading=\"lazy\" decoding=\"async\" data-attachment-id=\"1954\" data-permalink=\"https:\/\/www.gesamtschule-eiserfeld.de\/?attachment_id=1954\" data-orig-file=\"https:\/\/i0.wp.com\/www.gesamtschule-eiserfeld.de\/wp-content\/uploads\/2012\/06\/Struktur2.png?fit=1130%2C833&amp;ssl=1\" data-orig-size=\"1130,833\" data-comments-opened=\"0\" data-image-meta=\"{&quot;aperture&quot;:&quot;0&quot;,&quot;credit&quot;:&quot;&quot;,&quot;camera&quot;:&quot;&quot;,&quot;caption&quot;:&quot;&quot;,&quot;created_timestamp&quot;:&quot;0&quot;,&quot;copyright&quot;:&quot;&quot;,&quot;focal_length&quot;:&quot;0&quot;,&quot;iso&quot;:&quot;0&quot;,&quot;shutter_speed&quot;:&quot;0&quot;,&quot;title&quot;:&quot;&quot;}\" data-image-title=\"Struktur2\" data-image-description=\"\" data-image-caption=\"\" data-large-file=\"https:\/\/i0.wp.com\/www.gesamtschule-eiserfeld.de\/wp-content\/uploads\/2012\/06\/Struktur2.png?fit=474%2C349&amp;ssl=1\" class=\"alignright wp-image-1954\" title=\"Aufbau der individuellen F\u00f6rderung\" src=\"https:\/\/i0.wp.com\/gesamtschule-eiserfeld.de\/wp-content\/uploads\/2012\/06\/Struktur2-1024x754.png?resize=264%2C193\" alt=\"Aufbau der individuellen F\u00f6rderung als Grafik\" width=\"264\" height=\"193\" srcset=\"https:\/\/i0.wp.com\/www.gesamtschule-eiserfeld.de\/wp-content\/uploads\/2012\/06\/Struktur2.png?resize=1024%2C754&amp;ssl=1 1024w, https:\/\/i0.wp.com\/www.gesamtschule-eiserfeld.de\/wp-content\/uploads\/2012\/06\/Struktur2.png?resize=200%2C147&amp;ssl=1 200w, https:\/\/i0.wp.com\/www.gesamtschule-eiserfeld.de\/wp-content\/uploads\/2012\/06\/Struktur2.png?resize=300%2C221&amp;ssl=1 300w, https:\/\/i0.wp.com\/www.gesamtschule-eiserfeld.de\/wp-content\/uploads\/2012\/06\/Struktur2.png?zoom=2&amp;resize=264%2C193&amp;ssl=1 528w, https:\/\/i0.wp.com\/www.gesamtschule-eiserfeld.de\/wp-content\/uploads\/2012\/06\/Struktur2.png?zoom=3&amp;resize=264%2C193&amp;ssl=1 792w\" sizes=\"auto, (max-width: 264px) 100vw, 264px\" \/><\/a><\/p>\n<p><a href=\"https:\/\/www.gesamtschule-eiserfeld.de\/?attachment_id=18548\" rel=\"attachment wp-att-18548\">Inklusion <\/a><\/p>\n<p><a href=\"http:\/\/www.gesamtschule-eiserfeld.de\/Konzepte\/IndividuelleFoerderung\/Konzept-Individuelle-Foerderung.pdf\">PPT-Pr\u00e4sentation zur Individuellen F\u00f6rderung<\/a><\/p>\n\n\n<p><\/p>\n","protected":false},"excerpt":{"rendered":"<p>Wir wollen jedes Kind mit seinen individuellen F\u00e4higkeiten wahrnehmen. Daher ist das Konzept der individuellen F\u00f6rderung grundlegend f\u00fcr unsere p\u00e4dagogische und unterrichtliche Arbeit. An unserer Schule greifen in den unterschiedlichen Jahrg\u00e4ngen verschiedene F\u00f6rderkonzepte, die sich auch aus den S\u00e4ulen unseres Schulprogramms ableiten. Nachfolgend eine \u00dcbersicht: Schulprogramm Jahrgang F\u00f6rderbereich Lernkompetenz Jg. 5\/6 Lern- und Leistungsf\u00f6rderung auf &hellip; <a href=\"https:\/\/www.gesamtschule-eiserfeld.de\/?page_id=158\" class=\"more-link\"><span class=\"screen-reader-text\">Individuelle F&ouml;rderung<\/span> weiterlesen <span class=\"meta-nav\">&rarr;<\/span><\/a><\/p>\n","protected":false},"author":9,"featured_media":0,"parent":72,"menu_order":4,"comment_status":"closed","ping_status":"closed","template":"","meta":{"jetpack_post_was_ever_published":false,"footnotes":""},"class_list":["post-158","page","type-page","status-publish","hentry"],"yoast_head":"<!-- This site is optimized with the Yoast SEO plugin v27.4 - https:\/\/yoast.com\/product\/yoast-seo-wordpress\/ -->\n<title>Individuelle F&ouml;rderung - Gesamtschule Eiserfeld<\/title>\n<meta name=\"robots\" content=\"index, follow, max-snippet:-1, max-image-preview:large, max-video-preview:-1\" \/>\n<link rel=\"canonical\" href=\"https:\/\/www.gesamtschule-eiserfeld.de\/?page_id=158\" \/>\n<meta property=\"og:locale\" content=\"de_DE\" \/>\n<meta property=\"og:type\" content=\"article\" \/>\n<meta property=\"og:title\" content=\"Individuelle F&ouml;rderung - Gesamtschule Eiserfeld\" \/>\n<meta property=\"og:description\" content=\"Wir wollen jedes Kind mit seinen individuellen F\u00e4higkeiten wahrnehmen. Daher ist das Konzept der individuellen F\u00f6rderung grundlegend f\u00fcr unsere p\u00e4dagogische und unterrichtliche Arbeit. An unserer Schule greifen in den unterschiedlichen Jahrg\u00e4ngen verschiedene F\u00f6rderkonzepte, die sich auch aus den S\u00e4ulen unseres Schulprogramms ableiten. Nachfolgend eine \u00dcbersicht: Schulprogramm Jahrgang F\u00f6rderbereich Lernkompetenz Jg. 5\/6 Lern- und Leistungsf\u00f6rderung auf &hellip; Individuelle F&ouml;rderung weiterlesen &rarr;\" \/>\n<meta property=\"og:url\" content=\"https:\/\/www.gesamtschule-eiserfeld.de\/?page_id=158\" \/>\n<meta property=\"og:site_name\" content=\"Gesamtschule Eiserfeld\" \/>\n<meta property=\"article:publisher\" content=\"https:\/\/www.facebook.com\/GEEiserfeld\" \/>\n<meta property=\"article:modified_time\" content=\"2024-09-23T18:10:54+00:00\" \/>\n<meta property=\"og:image\" content=\"http:\/\/gesamtschule-eiserfeld.de\/wp-content\/uploads\/2012\/06\/Struktur2-1024x754.png\" \/>\n<meta name=\"twitter:card\" content=\"summary_large_image\" \/>\n<meta name=\"twitter:label1\" content=\"Gesch\u00e4tzte Lesezeit\" \/>\n\t<meta name=\"twitter:data1\" content=\"1\u00a0Minute\" \/>\n<script type=\"application\/ld+json\" class=\"yoast-schema-graph\">{\"@context\":\"https:\\\/\\\/schema.org\",\"@graph\":[{\"@type\":\"WebPage\",\"@id\":\"https:\\\/\\\/www.gesamtschule-eiserfeld.de\\\/?page_id=158\",\"url\":\"https:\\\/\\\/www.gesamtschule-eiserfeld.de\\\/?page_id=158\",\"name\":\"Individuelle F&ouml;rderung - Gesamtschule Eiserfeld\",\"isPartOf\":{\"@id\":\"https:\\\/\\\/www.gesamtschule-eiserfeld.de\\\/#website\"},\"primaryImageOfPage\":{\"@id\":\"https:\\\/\\\/www.gesamtschule-eiserfeld.de\\\/?page_id=158#primaryimage\"},\"image\":{\"@id\":\"https:\\\/\\\/www.gesamtschule-eiserfeld.de\\\/?page_id=158#primaryimage\"},\"thumbnailUrl\":\"http:\\\/\\\/gesamtschule-eiserfeld.de\\\/wp-content\\\/uploads\\\/2012\\\/06\\\/Struktur2-1024x754.png\",\"datePublished\":\"2012-06-19T17:46:42+00:00\",\"dateModified\":\"2024-09-23T18:10:54+00:00\",\"breadcrumb\":{\"@id\":\"https:\\\/\\\/www.gesamtschule-eiserfeld.de\\\/?page_id=158#breadcrumb\"},\"inLanguage\":\"de\",\"potentialAction\":[{\"@type\":\"ReadAction\",\"target\":[\"https:\\\/\\\/www.gesamtschule-eiserfeld.de\\\/?page_id=158\"]}]},{\"@type\":\"ImageObject\",\"inLanguage\":\"de\",\"@id\":\"https:\\\/\\\/www.gesamtschule-eiserfeld.de\\\/?page_id=158#primaryimage\",\"url\":\"http:\\\/\\\/gesamtschule-eiserfeld.de\\\/wp-content\\\/uploads\\\/2012\\\/06\\\/Struktur2-1024x754.png\",\"contentUrl\":\"http:\\\/\\\/gesamtschule-eiserfeld.de\\\/wp-content\\\/uploads\\\/2012\\\/06\\\/Struktur2-1024x754.png\"},{\"@type\":\"BreadcrumbList\",\"@id\":\"https:\\\/\\\/www.gesamtschule-eiserfeld.de\\\/?page_id=158#breadcrumb\",\"itemListElement\":[{\"@type\":\"ListItem\",\"position\":1,\"name\":\"Startseite\",\"item\":\"https:\\\/\\\/www.gesamtschule-eiserfeld.de\\\/\"},{\"@type\":\"ListItem\",\"position\":2,\"name\":\"Schulprofil\",\"item\":\"https:\\\/\\\/www.gesamtschule-eiserfeld.de\\\/?page_id=72\"},{\"@type\":\"ListItem\",\"position\":3,\"name\":\"Individuelle F&ouml;rderung\"}]},{\"@type\":\"WebSite\",\"@id\":\"https:\\\/\\\/www.gesamtschule-eiserfeld.de\\\/#website\",\"url\":\"https:\\\/\\\/www.gesamtschule-eiserfeld.de\\\/\",\"name\":\"Gesamtschule Eiserfeld\",\"description\":\"\",\"publisher\":{\"@id\":\"https:\\\/\\\/www.gesamtschule-eiserfeld.de\\\/#organization\"},\"potentialAction\":[{\"@type\":\"SearchAction\",\"target\":{\"@type\":\"EntryPoint\",\"urlTemplate\":\"https:\\\/\\\/www.gesamtschule-eiserfeld.de\\\/?s={search_term_string}\"},\"query-input\":{\"@type\":\"PropertyValueSpecification\",\"valueRequired\":true,\"valueName\":\"search_term_string\"}}],\"inLanguage\":\"de\"},{\"@type\":\"Organization\",\"@id\":\"https:\\\/\\\/www.gesamtschule-eiserfeld.de\\\/#organization\",\"name\":\"Gesamtschule Eiserfeld\",\"url\":\"https:\\\/\\\/www.gesamtschule-eiserfeld.de\\\/\",\"logo\":{\"@type\":\"ImageObject\",\"inLanguage\":\"de\",\"@id\":\"https:\\\/\\\/www.gesamtschule-eiserfeld.de\\\/#\\\/schema\\\/logo\\\/image\\\/\",\"url\":\"https:\\\/\\\/i1.wp.com\\\/www.gesamtschule-eiserfeld.de\\\/wp-content\\\/uploads\\\/2019\\\/01\\\/GEE-Logo-neu.jpg?fit=436%2C126&ssl=1\",\"contentUrl\":\"https:\\\/\\\/i1.wp.com\\\/www.gesamtschule-eiserfeld.de\\\/wp-content\\\/uploads\\\/2019\\\/01\\\/GEE-Logo-neu.jpg?fit=436%2C126&ssl=1\",\"width\":436,\"height\":126,\"caption\":\"Gesamtschule Eiserfeld\"},\"image\":{\"@id\":\"https:\\\/\\\/www.gesamtschule-eiserfeld.de\\\/#\\\/schema\\\/logo\\\/image\\\/\"},\"sameAs\":[\"https:\\\/\\\/www.facebook.com\\\/GEEiserfeld\"]}]}<\/script>\n<!-- \/ Yoast SEO plugin. -->","yoast_head_json":{"title":"Individuelle F&ouml;rderung - Gesamtschule Eiserfeld","robots":{"index":"index","follow":"follow","max-snippet":"max-snippet:-1","max-image-preview":"max-image-preview:large","max-video-preview":"max-video-preview:-1"},"canonical":"https:\/\/www.gesamtschule-eiserfeld.de\/?page_id=158","og_locale":"de_DE","og_type":"article","og_title":"Individuelle F&ouml;rderung - Gesamtschule Eiserfeld","og_description":"Wir wollen jedes Kind mit seinen individuellen F\u00e4higkeiten wahrnehmen. Daher ist das Konzept der individuellen F\u00f6rderung grundlegend f\u00fcr unsere p\u00e4dagogische und unterrichtliche Arbeit. An unserer Schule greifen in den unterschiedlichen Jahrg\u00e4ngen verschiedene F\u00f6rderkonzepte, die sich auch aus den S\u00e4ulen unseres Schulprogramms ableiten. Nachfolgend eine \u00dcbersicht: Schulprogramm Jahrgang F\u00f6rderbereich Lernkompetenz Jg. 5\/6 Lern- und Leistungsf\u00f6rderung auf &hellip; Individuelle F&ouml;rderung weiterlesen &rarr;","og_url":"https:\/\/www.gesamtschule-eiserfeld.de\/?page_id=158","og_site_name":"Gesamtschule Eiserfeld","article_publisher":"https:\/\/www.facebook.com\/GEEiserfeld","article_modified_time":"2024-09-23T18:10:54+00:00","og_image":[{"url":"http:\/\/gesamtschule-eiserfeld.de\/wp-content\/uploads\/2012\/06\/Struktur2-1024x754.png","type":"","width":"","height":""}],"twitter_card":"summary_large_image","twitter_misc":{"Gesch\u00e4tzte Lesezeit":"1\u00a0Minute"},"schema":{"@context":"https:\/\/schema.org","@graph":[{"@type":"WebPage","@id":"https:\/\/www.gesamtschule-eiserfeld.de\/?page_id=158","url":"https:\/\/www.gesamtschule-eiserfeld.de\/?page_id=158","name":"Individuelle F&ouml;rderung - Gesamtschule Eiserfeld","isPartOf":{"@id":"https:\/\/www.gesamtschule-eiserfeld.de\/#website"},"primaryImageOfPage":{"@id":"https:\/\/www.gesamtschule-eiserfeld.de\/?page_id=158#primaryimage"},"image":{"@id":"https:\/\/www.gesamtschule-eiserfeld.de\/?page_id=158#primaryimage"},"thumbnailUrl":"http:\/\/gesamtschule-eiserfeld.de\/wp-content\/uploads\/2012\/06\/Struktur2-1024x754.png","datePublished":"2012-06-19T17:46:42+00:00","dateModified":"2024-09-23T18:10:54+00:00","breadcrumb":{"@id":"https:\/\/www.gesamtschule-eiserfeld.de\/?page_id=158#breadcrumb"},"inLanguage":"de","potentialAction":[{"@type":"ReadAction","target":["https:\/\/www.gesamtschule-eiserfeld.de\/?page_id=158"]}]},{"@type":"ImageObject","inLanguage":"de","@id":"https:\/\/www.gesamtschule-eiserfeld.de\/?page_id=158#primaryimage","url":"http:\/\/gesamtschule-eiserfeld.de\/wp-content\/uploads\/2012\/06\/Struktur2-1024x754.png","contentUrl":"http:\/\/gesamtschule-eiserfeld.de\/wp-content\/uploads\/2012\/06\/Struktur2-1024x754.png"},{"@type":"BreadcrumbList","@id":"https:\/\/www.gesamtschule-eiserfeld.de\/?page_id=158#breadcrumb","itemListElement":[{"@type":"ListItem","position":1,"name":"Startseite","item":"https:\/\/www.gesamtschule-eiserfeld.de\/"},{"@type":"ListItem","position":2,"name":"Schulprofil","item":"https:\/\/www.gesamtschule-eiserfeld.de\/?page_id=72"},{"@type":"ListItem","position":3,"name":"Individuelle F&ouml;rderung"}]},{"@type":"WebSite","@id":"https:\/\/www.gesamtschule-eiserfeld.de\/#website","url":"https:\/\/www.gesamtschule-eiserfeld.de\/","name":"Gesamtschule Eiserfeld","description":"","publisher":{"@id":"https:\/\/www.gesamtschule-eiserfeld.de\/#organization"},"potentialAction":[{"@type":"SearchAction","target":{"@type":"EntryPoint","urlTemplate":"https:\/\/www.gesamtschule-eiserfeld.de\/?s={search_term_string}"},"query-input":{"@type":"PropertyValueSpecification","valueRequired":true,"valueName":"search_term_string"}}],"inLanguage":"de"},{"@type":"Organization","@id":"https:\/\/www.gesamtschule-eiserfeld.de\/#organization","name":"Gesamtschule Eiserfeld","url":"https:\/\/www.gesamtschule-eiserfeld.de\/","logo":{"@type":"ImageObject","inLanguage":"de","@id":"https:\/\/www.gesamtschule-eiserfeld.de\/#\/schema\/logo\/image\/","url":"https:\/\/i1.wp.com\/www.gesamtschule-eiserfeld.de\/wp-content\/uploads\/2019\/01\/GEE-Logo-neu.jpg?fit=436%2C126&ssl=1","contentUrl":"https:\/\/i1.wp.com\/www.gesamtschule-eiserfeld.de\/wp-content\/uploads\/2019\/01\/GEE-Logo-neu.jpg?fit=436%2C126&ssl=1","width":436,"height":126,"caption":"Gesamtschule Eiserfeld"},"image":{"@id":"https:\/\/www.gesamtschule-eiserfeld.de\/#\/schema\/logo\/image\/"},"sameAs":["https:\/\/www.facebook.com\/GEEiserfeld"]}]}},"jetpack_shortlink":"https:\/\/wp.me\/P2weeL-2y","jetpack_sharing_enabled":true,"_links":{"self":[{"href":"https:\/\/www.gesamtschule-eiserfeld.de\/index.php?rest_route=\/wp\/v2\/pages\/158","targetHints":{"allow":["GET"]}}],"collection":[{"href":"https:\/\/www.gesamtschule-eiserfeld.de\/index.php?rest_route=\/wp\/v2\/pages"}],"about":[{"href":"https:\/\/www.gesamtschule-eiserfeld.de\/index.php?rest_route=\/wp\/v2\/types\/page"}],"author":[{"embeddable":true,"href":"https:\/\/www.gesamtschule-eiserfeld.de\/index.php?rest_route=\/wp\/v2\/users\/9"}],"replies":[{"embeddable":true,"href":"https:\/\/www.gesamtschule-eiserfeld.de\/index.php?rest_route=%2Fwp%2Fv2%2Fcomments&post=158"}],"version-history":[{"count":5,"href":"https:\/\/www.gesamtschule-eiserfeld.de\/index.php?rest_route=\/wp\/v2\/pages\/158\/revisions"}],"predecessor-version":[{"id":19267,"href":"https:\/\/www.gesamtschule-eiserfeld.de\/index.php?rest_route=\/wp\/v2\/pages\/158\/revisions\/19267"}],"up":[{"embeddable":true,"href":"https:\/\/www.gesamtschule-eiserfeld.de\/index.php?rest_route=\/wp\/v2\/pages\/72"}],"wp:attachment":[{"href":"https:\/\/www.gesamtschule-eiserfeld.de\/index.php?rest_route=%2Fwp%2Fv2%2Fmedia&parent=158"}],"curies":[{"name":"wp","href":"https:\/\/api.w.org\/{rel}","templated":true}]}}