{"id":2702,"date":"2013-07-08T18:59:07","date_gmt":"2013-07-08T17:59:07","guid":{"rendered":"http:\/\/ge-eiserfeld.de\/?page_id=2702"},"modified":"2024-12-19T16:27:12","modified_gmt":"2024-12-19T15:27:12","slug":"sozialwissenschaften","status":"publish","type":"page","link":"https:\/\/www.gesamtschule-eiserfeld.de\/?page_id=2702","title":{"rendered":"Sozialwissenschaften"},"content":{"rendered":"<p><strong>Wer die Wahl hat, hat die Qual?<\/strong><\/p>\n<p><strong>Das muss nicht so sein!<\/strong><\/p>\n<p>Wenn du dich f\u00fcr gesellschaftliche Zusammenh\u00e4nge und f\u00fcr das tagespolitische Geschehen interessierst, wenn du diskussionsfreudig bist und gerne problemorientiert arbeitest, dann solltest du\u00a0<strong>SOWI<\/strong>\u00a0in der Oberstufe w\u00e4hlen!<\/p>\n<p>W\u00e4hlen hei\u00dft zu bestimmen, aktiv mitzuwirken und Verantwortung zu \u00fcbernehmen. Deshalb werden wir in der EF eine <strong>Exkursion zum Landtag nach D\u00fcsseldorf<\/strong> &#8211; und in der Q1 bzw. Q2 eine <strong>Fahrt zum Europaparlament nach Br\u00fcssel<\/strong> anbieten. So kannst du dich vor Ort dar\u00fcber informieren, wer deine Interessen vertritt und wie politische Entscheidungsprozesse ablaufen.<\/p>\n<p><strong>Sozialwissenschaften<\/strong> ist ein lebendiges Fach mit hohem Aktualit\u00e4tsbezug, das das Zusammenleben in den Bereichen <em>Soziologie, Politik <\/em>und <em>Wirtschaft<\/em> untersucht.<\/p>\n<p>In der <strong>Einf\u00fchrungsphase<\/strong> (Jahrgangsstufe 11) kn\u00fcpft der Unterricht an die in der Sekundarstufe I im Fach Gesellschaftslehre und Arbeitslehre-Wirtschaft erworbenen Grundkenntnisse an und vertieft diese.<\/p>\n<p>In der <strong>Qualifikationsphase<\/strong> (Jahrgangsstufen 12 und 13) besch\u00e4ftigt ihr euch mit\u00a0\u00a0 <em>Wirtschaftspolitik, Globalisierung, Gesellschaftsstrukturen <\/em>\u00a0und <em>sozialem Wandel.<\/em><\/p>\n<p>In den <strong>Zusatz \u2013 <\/strong>und <strong>Projektkursen<\/strong> werden die 3 Teildisziplinen des\u00a0 Faches unter besonderer Ber\u00fccksichtigung eurer Interessen, schulischer Schwerpunkte und Aktualit\u00e4t der Themen behandelt.<\/p>\n<p>Die folgende \u00dcbersicht informiert \u00fcber die Inhalte in den einzelnen Jahrgangsstufen und die Bewertungsgrundlagen:<\/p>\n<p><strong>Lehrplan<\/strong><\/p>\n<p><a href=\"http:\/\/gesamtschule-eiserfeld.de\/HP%20Downloads\/Einfuehrungsphase%20EF%20SOWI.pdf\" target=\"_blank\" rel=\"noopener noreferrer\">Einf\u00fchrungsphase EF<\/a><\/p>\n<p><a href=\"http:\/\/www.gesamtschule-eiserfeld.de\/HP%20Downloads\/SOWI%20Q1%20schulinternes%20Curriculum.pdf\" target=\"_blank\" rel=\"noopener noreferrer\">Curriculum Q1<\/a><\/p>\n<p><a href=\"http:\/\/www.gesamtschule-eiserfeld.de\/HP%20Downloads\/SOWI%20Q2%20schulinternes%20Curriculum.pdf\" target=\"_blank\" rel=\"noopener noreferrer\">Curriculum Q2<\/a><\/p>\n<p><strong>Leistungsbewertung (&#8222;Sonstige Mitarbeit&#8220;)<\/strong><\/p>\n<p><a href=\"https:\/\/www.gesamtschule-eiserfeld.de\/wp-content\/uploads\/2024\/12\/SOWI-Leistungsbewertung-Stand-2024.pdf\" target=\"_blank\" rel=\"noopener noreferrer\">Sozialwissenschaften SekII &#8211; Leistungsbewertung &#8211; SoMiNote<\/a><\/p>\n<p><strong>Methodenzettel\u00a0\u00a0<\/strong><\/p>\n<p><a href=\"https:\/\/www.gesamtschule-eiserfeld.de\/wp-content\/uploads\/2019\/10\/5-Schritt-Lesemethode.pdf\">5 Schritt Lesemethode<\/a><\/p>\n<p><a href=\"https:\/\/www.gesamtschule-eiserfeld.de\/wp-content\/uploads\/2019\/10\/Aufbau-einer-Rede.pdf\">Aufbau einer Rede<\/a><\/p>\n<p><a href=\"https:\/\/www.gesamtschule-eiserfeld.de\/wp-content\/uploads\/2019\/10\/Methodenblatt-zur-Karikaturenanalyse_Sowi.pdf\">Karikaturenanalyse<\/a><\/p>\n<p><a href=\"https:\/\/www.gesamtschule-eiserfeld.de\/wp-content\/uploads\/2019\/10\/Raster-zur-Textanalyse-im-Fach-Sozialwissenschaften.pdf\">Raster zur Textanalyse\u00a0<\/a><\/p>\n","protected":false},"excerpt":{"rendered":"<p>Wer die Wahl hat, hat die Qual? Das muss nicht so sein! Wenn du dich f\u00fcr gesellschaftliche Zusammenh\u00e4nge und f\u00fcr das tagespolitische Geschehen interessierst, wenn du diskussionsfreudig bist und gerne problemorientiert arbeitest, dann solltest du\u00a0SOWI\u00a0in der Oberstufe w\u00e4hlen! W\u00e4hlen hei\u00dft zu bestimmen, aktiv mitzuwirken und Verantwortung zu \u00fcbernehmen. Deshalb werden wir in der EF eine &hellip; <a href=\"https:\/\/www.gesamtschule-eiserfeld.de\/?page_id=2702\" class=\"more-link\"><span class=\"screen-reader-text\">Sozialwissenschaften<\/span> weiterlesen <span class=\"meta-nav\">&rarr;<\/span><\/a><\/p>\n","protected":false},"author":9,"featured_media":19485,"parent":302,"menu_order":0,"comment_status":"closed","ping_status":"open","template":"","meta":{"jetpack_post_was_ever_published":false,"footnotes":""},"class_list":["post-2702","page","type-page","status-publish","has-post-thumbnail","hentry"],"yoast_head":"<!-- This site is optimized with the Yoast SEO plugin v27.4 - https:\/\/yoast.com\/product\/yoast-seo-wordpress\/ -->\n<title>Sozialwissenschaften - Gesamtschule Eiserfeld<\/title>\n<meta name=\"robots\" content=\"index, follow, max-snippet:-1, max-image-preview:large, max-video-preview:-1\" \/>\n<link rel=\"canonical\" href=\"https:\/\/www.gesamtschule-eiserfeld.de\/?page_id=2702\" \/>\n<meta property=\"og:locale\" content=\"de_DE\" \/>\n<meta property=\"og:type\" content=\"article\" \/>\n<meta property=\"og:title\" content=\"Sozialwissenschaften - Gesamtschule Eiserfeld\" \/>\n<meta property=\"og:description\" content=\"Wer die Wahl hat, hat die Qual? Das muss nicht so sein! Wenn du dich f\u00fcr gesellschaftliche Zusammenh\u00e4nge und f\u00fcr das tagespolitische Geschehen interessierst, wenn du diskussionsfreudig bist und gerne problemorientiert arbeitest, dann solltest du\u00a0SOWI\u00a0in der Oberstufe w\u00e4hlen! W\u00e4hlen hei\u00dft zu bestimmen, aktiv mitzuwirken und Verantwortung zu \u00fcbernehmen. Deshalb werden wir in der EF eine &hellip; Sozialwissenschaften weiterlesen &rarr;\" \/>\n<meta property=\"og:url\" content=\"https:\/\/www.gesamtschule-eiserfeld.de\/?page_id=2702\" \/>\n<meta property=\"og:site_name\" content=\"Gesamtschule Eiserfeld\" \/>\n<meta property=\"article:publisher\" content=\"https:\/\/www.facebook.com\/GEEiserfeld\" \/>\n<meta property=\"article:modified_time\" content=\"2024-12-19T15:27:12+00:00\" \/>\n<meta property=\"og:image\" content=\"https:\/\/www.gesamtschule-eiserfeld.de\/wp-content\/uploads\/2024\/12\/Headergl.jpg\" \/>\n\t<meta property=\"og:image:width\" content=\"608\" \/>\n\t<meta property=\"og:image:height\" content=\"406\" \/>\n\t<meta property=\"og:image:type\" content=\"image\/jpeg\" \/>\n<meta name=\"twitter:card\" content=\"summary_large_image\" \/>\n<meta name=\"twitter:label1\" content=\"Gesch\u00e4tzte Lesezeit\" \/>\n\t<meta name=\"twitter:data1\" content=\"2\u00a0Minuten\" \/>\n<script type=\"application\/ld+json\" class=\"yoast-schema-graph\">{\"@context\":\"https:\\\/\\\/schema.org\",\"@graph\":[{\"@type\":\"WebPage\",\"@id\":\"https:\\\/\\\/www.gesamtschule-eiserfeld.de\\\/?page_id=2702\",\"url\":\"https:\\\/\\\/www.gesamtschule-eiserfeld.de\\\/?page_id=2702\",\"name\":\"Sozialwissenschaften - Gesamtschule Eiserfeld\",\"isPartOf\":{\"@id\":\"https:\\\/\\\/www.gesamtschule-eiserfeld.de\\\/#website\"},\"primaryImageOfPage\":{\"@id\":\"https:\\\/\\\/www.gesamtschule-eiserfeld.de\\\/?page_id=2702#primaryimage\"},\"image\":{\"@id\":\"https:\\\/\\\/www.gesamtschule-eiserfeld.de\\\/?page_id=2702#primaryimage\"},\"thumbnailUrl\":\"https:\\\/\\\/i0.wp.com\\\/www.gesamtschule-eiserfeld.de\\\/wp-content\\\/uploads\\\/2024\\\/12\\\/Headergl.jpg?fit=608%2C406&ssl=1\",\"datePublished\":\"2013-07-08T17:59:07+00:00\",\"dateModified\":\"2024-12-19T15:27:12+00:00\",\"breadcrumb\":{\"@id\":\"https:\\\/\\\/www.gesamtschule-eiserfeld.de\\\/?page_id=2702#breadcrumb\"},\"inLanguage\":\"de\",\"potentialAction\":[{\"@type\":\"ReadAction\",\"target\":[\"https:\\\/\\\/www.gesamtschule-eiserfeld.de\\\/?page_id=2702\"]}]},{\"@type\":\"ImageObject\",\"inLanguage\":\"de\",\"@id\":\"https:\\\/\\\/www.gesamtschule-eiserfeld.de\\\/?page_id=2702#primaryimage\",\"url\":\"https:\\\/\\\/i0.wp.com\\\/www.gesamtschule-eiserfeld.de\\\/wp-content\\\/uploads\\\/2024\\\/12\\\/Headergl.jpg?fit=608%2C406&ssl=1\",\"contentUrl\":\"https:\\\/\\\/i0.wp.com\\\/www.gesamtschule-eiserfeld.de\\\/wp-content\\\/uploads\\\/2024\\\/12\\\/Headergl.jpg?fit=608%2C406&ssl=1\",\"width\":608,\"height\":406},{\"@type\":\"BreadcrumbList\",\"@id\":\"https:\\\/\\\/www.gesamtschule-eiserfeld.de\\\/?page_id=2702#breadcrumb\",\"itemListElement\":[{\"@type\":\"ListItem\",\"position\":1,\"name\":\"Startseite\",\"item\":\"https:\\\/\\\/www.gesamtschule-eiserfeld.de\\\/\"},{\"@type\":\"ListItem\",\"position\":2,\"name\":\"Unterricht\",\"item\":\"https:\\\/\\\/www.gesamtschule-eiserfeld.de\\\/?page_id=74\"},{\"@type\":\"ListItem\",\"position\":3,\"name\":\"F\u00e4cher\",\"item\":\"https:\\\/\\\/www.gesamtschule-eiserfeld.de\\\/?page_id=302\"},{\"@type\":\"ListItem\",\"position\":4,\"name\":\"Sozialwissenschaften\"}]},{\"@type\":\"WebSite\",\"@id\":\"https:\\\/\\\/www.gesamtschule-eiserfeld.de\\\/#website\",\"url\":\"https:\\\/\\\/www.gesamtschule-eiserfeld.de\\\/\",\"name\":\"Gesamtschule Eiserfeld\",\"description\":\"\",\"publisher\":{\"@id\":\"https:\\\/\\\/www.gesamtschule-eiserfeld.de\\\/#organization\"},\"potentialAction\":[{\"@type\":\"SearchAction\",\"target\":{\"@type\":\"EntryPoint\",\"urlTemplate\":\"https:\\\/\\\/www.gesamtschule-eiserfeld.de\\\/?s={search_term_string}\"},\"query-input\":{\"@type\":\"PropertyValueSpecification\",\"valueRequired\":true,\"valueName\":\"search_term_string\"}}],\"inLanguage\":\"de\"},{\"@type\":\"Organization\",\"@id\":\"https:\\\/\\\/www.gesamtschule-eiserfeld.de\\\/#organization\",\"name\":\"Gesamtschule Eiserfeld\",\"url\":\"https:\\\/\\\/www.gesamtschule-eiserfeld.de\\\/\",\"logo\":{\"@type\":\"ImageObject\",\"inLanguage\":\"de\",\"@id\":\"https:\\\/\\\/www.gesamtschule-eiserfeld.de\\\/#\\\/schema\\\/logo\\\/image\\\/\",\"url\":\"https:\\\/\\\/i1.wp.com\\\/www.gesamtschule-eiserfeld.de\\\/wp-content\\\/uploads\\\/2019\\\/01\\\/GEE-Logo-neu.jpg?fit=436%2C126&ssl=1\",\"contentUrl\":\"https:\\\/\\\/i1.wp.com\\\/www.gesamtschule-eiserfeld.de\\\/wp-content\\\/uploads\\\/2019\\\/01\\\/GEE-Logo-neu.jpg?fit=436%2C126&ssl=1\",\"width\":436,\"height\":126,\"caption\":\"Gesamtschule Eiserfeld\"},\"image\":{\"@id\":\"https:\\\/\\\/www.gesamtschule-eiserfeld.de\\\/#\\\/schema\\\/logo\\\/image\\\/\"},\"sameAs\":[\"https:\\\/\\\/www.facebook.com\\\/GEEiserfeld\"]}]}<\/script>\n<!-- \/ Yoast SEO plugin. -->","yoast_head_json":{"title":"Sozialwissenschaften - Gesamtschule Eiserfeld","robots":{"index":"index","follow":"follow","max-snippet":"max-snippet:-1","max-image-preview":"max-image-preview:large","max-video-preview":"max-video-preview:-1"},"canonical":"https:\/\/www.gesamtschule-eiserfeld.de\/?page_id=2702","og_locale":"de_DE","og_type":"article","og_title":"Sozialwissenschaften - Gesamtschule Eiserfeld","og_description":"Wer die Wahl hat, hat die Qual? Das muss nicht so sein! Wenn du dich f\u00fcr gesellschaftliche Zusammenh\u00e4nge und f\u00fcr das tagespolitische Geschehen interessierst, wenn du diskussionsfreudig bist und gerne problemorientiert arbeitest, dann solltest du\u00a0SOWI\u00a0in der Oberstufe w\u00e4hlen! W\u00e4hlen hei\u00dft zu bestimmen, aktiv mitzuwirken und Verantwortung zu \u00fcbernehmen. Deshalb werden wir in der EF eine &hellip; Sozialwissenschaften weiterlesen &rarr;","og_url":"https:\/\/www.gesamtschule-eiserfeld.de\/?page_id=2702","og_site_name":"Gesamtschule Eiserfeld","article_publisher":"https:\/\/www.facebook.com\/GEEiserfeld","article_modified_time":"2024-12-19T15:27:12+00:00","og_image":[{"width":608,"height":406,"url":"https:\/\/www.gesamtschule-eiserfeld.de\/wp-content\/uploads\/2024\/12\/Headergl.jpg","type":"image\/jpeg"}],"twitter_card":"summary_large_image","twitter_misc":{"Gesch\u00e4tzte Lesezeit":"2\u00a0Minuten"},"schema":{"@context":"https:\/\/schema.org","@graph":[{"@type":"WebPage","@id":"https:\/\/www.gesamtschule-eiserfeld.de\/?page_id=2702","url":"https:\/\/www.gesamtschule-eiserfeld.de\/?page_id=2702","name":"Sozialwissenschaften - Gesamtschule Eiserfeld","isPartOf":{"@id":"https:\/\/www.gesamtschule-eiserfeld.de\/#website"},"primaryImageOfPage":{"@id":"https:\/\/www.gesamtschule-eiserfeld.de\/?page_id=2702#primaryimage"},"image":{"@id":"https:\/\/www.gesamtschule-eiserfeld.de\/?page_id=2702#primaryimage"},"thumbnailUrl":"https:\/\/i0.wp.com\/www.gesamtschule-eiserfeld.de\/wp-content\/uploads\/2024\/12\/Headergl.jpg?fit=608%2C406&ssl=1","datePublished":"2013-07-08T17:59:07+00:00","dateModified":"2024-12-19T15:27:12+00:00","breadcrumb":{"@id":"https:\/\/www.gesamtschule-eiserfeld.de\/?page_id=2702#breadcrumb"},"inLanguage":"de","potentialAction":[{"@type":"ReadAction","target":["https:\/\/www.gesamtschule-eiserfeld.de\/?page_id=2702"]}]},{"@type":"ImageObject","inLanguage":"de","@id":"https:\/\/www.gesamtschule-eiserfeld.de\/?page_id=2702#primaryimage","url":"https:\/\/i0.wp.com\/www.gesamtschule-eiserfeld.de\/wp-content\/uploads\/2024\/12\/Headergl.jpg?fit=608%2C406&ssl=1","contentUrl":"https:\/\/i0.wp.com\/www.gesamtschule-eiserfeld.de\/wp-content\/uploads\/2024\/12\/Headergl.jpg?fit=608%2C406&ssl=1","width":608,"height":406},{"@type":"BreadcrumbList","@id":"https:\/\/www.gesamtschule-eiserfeld.de\/?page_id=2702#breadcrumb","itemListElement":[{"@type":"ListItem","position":1,"name":"Startseite","item":"https:\/\/www.gesamtschule-eiserfeld.de\/"},{"@type":"ListItem","position":2,"name":"Unterricht","item":"https:\/\/www.gesamtschule-eiserfeld.de\/?page_id=74"},{"@type":"ListItem","position":3,"name":"F\u00e4cher","item":"https:\/\/www.gesamtschule-eiserfeld.de\/?page_id=302"},{"@type":"ListItem","position":4,"name":"Sozialwissenschaften"}]},{"@type":"WebSite","@id":"https:\/\/www.gesamtschule-eiserfeld.de\/#website","url":"https:\/\/www.gesamtschule-eiserfeld.de\/","name":"Gesamtschule Eiserfeld","description":"","publisher":{"@id":"https:\/\/www.gesamtschule-eiserfeld.de\/#organization"},"potentialAction":[{"@type":"SearchAction","target":{"@type":"EntryPoint","urlTemplate":"https:\/\/www.gesamtschule-eiserfeld.de\/?s={search_term_string}"},"query-input":{"@type":"PropertyValueSpecification","valueRequired":true,"valueName":"search_term_string"}}],"inLanguage":"de"},{"@type":"Organization","@id":"https:\/\/www.gesamtschule-eiserfeld.de\/#organization","name":"Gesamtschule Eiserfeld","url":"https:\/\/www.gesamtschule-eiserfeld.de\/","logo":{"@type":"ImageObject","inLanguage":"de","@id":"https:\/\/www.gesamtschule-eiserfeld.de\/#\/schema\/logo\/image\/","url":"https:\/\/i1.wp.com\/www.gesamtschule-eiserfeld.de\/wp-content\/uploads\/2019\/01\/GEE-Logo-neu.jpg?fit=436%2C126&ssl=1","contentUrl":"https:\/\/i1.wp.com\/www.gesamtschule-eiserfeld.de\/wp-content\/uploads\/2019\/01\/GEE-Logo-neu.jpg?fit=436%2C126&ssl=1","width":436,"height":126,"caption":"Gesamtschule Eiserfeld"},"image":{"@id":"https:\/\/www.gesamtschule-eiserfeld.de\/#\/schema\/logo\/image\/"},"sameAs":["https:\/\/www.facebook.com\/GEEiserfeld"]}]}},"jetpack_shortlink":"https:\/\/wp.me\/P2weeL-HA","jetpack_sharing_enabled":true,"_links":{"self":[{"href":"https:\/\/www.gesamtschule-eiserfeld.de\/index.php?rest_route=\/wp\/v2\/pages\/2702","targetHints":{"allow":["GET"]}}],"collection":[{"href":"https:\/\/www.gesamtschule-eiserfeld.de\/index.php?rest_route=\/wp\/v2\/pages"}],"about":[{"href":"https:\/\/www.gesamtschule-eiserfeld.de\/index.php?rest_route=\/wp\/v2\/types\/page"}],"author":[{"embeddable":true,"href":"https:\/\/www.gesamtschule-eiserfeld.de\/index.php?rest_route=\/wp\/v2\/users\/9"}],"replies":[{"embeddable":true,"href":"https:\/\/www.gesamtschule-eiserfeld.de\/index.php?rest_route=%2Fwp%2Fv2%2Fcomments&post=2702"}],"version-history":[{"count":2,"href":"https:\/\/www.gesamtschule-eiserfeld.de\/index.php?rest_route=\/wp\/v2\/pages\/2702\/revisions"}],"predecessor-version":[{"id":19685,"href":"https:\/\/www.gesamtschule-eiserfeld.de\/index.php?rest_route=\/wp\/v2\/pages\/2702\/revisions\/19685"}],"up":[{"embeddable":true,"href":"https:\/\/www.gesamtschule-eiserfeld.de\/index.php?rest_route=\/wp\/v2\/pages\/302"}],"wp:featuredmedia":[{"embeddable":true,"href":"https:\/\/www.gesamtschule-eiserfeld.de\/index.php?rest_route=\/wp\/v2\/media\/19485"}],"wp:attachment":[{"href":"https:\/\/www.gesamtschule-eiserfeld.de\/index.php?rest_route=%2Fwp%2Fv2%2Fmedia&parent=2702"}],"curies":[{"name":"wp","href":"https:\/\/api.w.org\/{rel}","templated":true}]}}