{"id":299,"date":"2012-07-03T12:28:07","date_gmt":"2012-07-03T10:28:07","guid":{"rendered":"http:\/\/ge-eiserfeld.de\/?page_id=299"},"modified":"2024-06-04T10:35:12","modified_gmt":"2024-06-04T09:35:12","slug":"schulprogramm","status":"publish","type":"page","link":"https:\/\/www.gesamtschule-eiserfeld.de\/?page_id=299","title":{"rendered":"Schulprogramm"},"content":{"rendered":"<p><img data-recalc-dims=\"1\" loading=\"lazy\" decoding=\"async\" data-attachment-id=\"18782\" data-permalink=\"https:\/\/www.gesamtschule-eiserfeld.de\/?attachment_id=18782\" data-orig-file=\"https:\/\/i0.wp.com\/www.gesamtschule-eiserfeld.de\/wp-content\/uploads\/2024\/05\/Schulsaeule3-e1716797706156.png?fit=556%2C448&amp;ssl=1\" data-orig-size=\"556,448\" data-comments-opened=\"0\" data-image-meta=\"{&quot;aperture&quot;:&quot;0&quot;,&quot;credit&quot;:&quot;&quot;,&quot;camera&quot;:&quot;&quot;,&quot;caption&quot;:&quot;&quot;,&quot;created_timestamp&quot;:&quot;0&quot;,&quot;copyright&quot;:&quot;&quot;,&quot;focal_length&quot;:&quot;0&quot;,&quot;iso&quot;:&quot;0&quot;,&quot;shutter_speed&quot;:&quot;0&quot;,&quot;title&quot;:&quot;&quot;,&quot;orientation&quot;:&quot;0&quot;}\" data-image-title=\"Schuls\u00e4ule3\" data-image-description=\"\" data-image-caption=\"\" data-medium-file=\"https:\/\/i0.wp.com\/www.gesamtschule-eiserfeld.de\/wp-content\/uploads\/2024\/05\/Schulsaeule3-e1716797706156.png?fit=300%2C242&amp;ssl=1\" data-large-file=\"https:\/\/i0.wp.com\/www.gesamtschule-eiserfeld.de\/wp-content\/uploads\/2024\/05\/Schulsaeule3-e1716797706156.png?fit=474%2C267&amp;ssl=1\" class=\"wp-image-18782  aligncenter\" title=\"Die vier S\u00e4ulen des Schulprogramms\" src=\"https:\/\/i0.wp.com\/www.gesamtschule-eiserfeld.de\/wp-content\/uploads\/2024\/05\/Schulsaeule3-e1716797706156-300x242.png?resize=392%2C316&#038;ssl=1\" alt=\"Die vier S\u00e4ulen unserer Schule\" width=\"392\" height=\"316\" srcset=\"https:\/\/i0.wp.com\/www.gesamtschule-eiserfeld.de\/wp-content\/uploads\/2024\/05\/Schulsaeule3-e1716797706156.png?resize=300%2C242&amp;ssl=1 300w, https:\/\/i0.wp.com\/www.gesamtschule-eiserfeld.de\/wp-content\/uploads\/2024\/05\/Schulsaeule3-e1716797706156.png?resize=186%2C150&amp;ssl=1 186w, https:\/\/i0.wp.com\/www.gesamtschule-eiserfeld.de\/wp-content\/uploads\/2024\/05\/Schulsaeule3-e1716797706156.png?w=556&amp;ssl=1 556w\" sizes=\"auto, (max-width: 392px) 100vw, 392px\" \/><\/p>\n<p><span style=\"font-family: Arial,Helvetica;\">Menschen begegnen sich in der Schule und m\u00fcssen lernen zusammenzuleben. Das Klima pr\u00e4gt den Umgang miteinander und ist zugleich das Ergebnis von Regeln und Vereinbarungen.<\/span><\/p>\n<p><span style=\"font-family: Arial,Helvetica;\">Menschen brauchen Orientierung in der Informationsgesellschaft. Es gilt Informationen aufzunehmen, zu bewerten und zu verarbeiten. Daf\u00fcr braucht der Mensch bestimmte Techniken, Strategien und Haltungen.<\/span><\/p>\n<p>Mit dem Einstieg in das Berufsleben beginnt f\u00fcr die Menschen ein neuer Lebensabschnitt. Jeder Mensch muss deshalb sein pers\u00f6nliches Profil kennen um seinen beruflichen Platz in der Gesellschaft finden zu k\u00f6nnen.<\/p>\n<p><span style=\"font-family: Arial,Helvetica;\"><span class=\"style1\">Menschen m\u00fcssen beurteilen und bewerten, entscheiden und handeln. Pers\u00f6nlichkeit vermittelt Sicherheit und Unabh\u00e4ngigkeit<\/span><\/span><b><span style=\"font-family: Arial,Helvetica;\"><span class=\"style1\">.<\/span><\/span><\/b><\/p>\n<p>Aus diesem Grund bilden die folgenden <strong>vier S\u00e4ulen<\/strong> die Grundlage unseres Schulprogramms:<\/p>\n<ul>\n<li>Gutes Schulklima<\/li>\n<li>Lernkompetenz<\/li>\n<li>Berufsorientierung<\/li>\n<li>Pers\u00f6nlichkeitsentwicklung<\/li>\n<\/ul>\n<p>Sie m\u00f6chten mehr dar\u00fcber erfahren?<\/p>\n<p><a href=\"https:\/\/www.gesamtschule-eiserfeld.de\/wp-content\/uploads\/2024\/06\/Gee_Schulprogramm.pdf\" target=\"_blank\" rel=\"noopener noreferrer\">Lesen Sie hier unser vollst\u00e4ndiges Schulprogramm<\/a><\/p>\n<p><a href=\"https:\/\/www.gesamtschule-eiserfeld.de\/?page_id=18791\">Erfahren Sie mehr \u00fcber die Entstehungsgeschichte des Schulprogramms<\/a><\/p>\n","protected":false},"excerpt":{"rendered":"<p>Menschen begegnen sich in der Schule und m\u00fcssen lernen zusammenzuleben. Das Klima pr\u00e4gt den Umgang miteinander und ist zugleich das Ergebnis von Regeln und Vereinbarungen. Menschen brauchen Orientierung in der Informationsgesellschaft. Es gilt Informationen aufzunehmen, zu bewerten und zu verarbeiten. Daf\u00fcr braucht der Mensch bestimmte Techniken, Strategien und Haltungen. Mit dem Einstieg in das Berufsleben &hellip; <a href=\"https:\/\/www.gesamtschule-eiserfeld.de\/?page_id=299\" class=\"more-link\"><span class=\"screen-reader-text\">Schulprogramm<\/span> weiterlesen <span class=\"meta-nav\">&rarr;<\/span><\/a><\/p>\n","protected":false},"author":9,"featured_media":0,"parent":72,"menu_order":3,"comment_status":"closed","ping_status":"open","template":"","meta":{"jetpack_post_was_ever_published":false,"footnotes":""},"class_list":["post-299","page","type-page","status-publish","hentry"],"yoast_head":"<!-- This site is optimized with the Yoast SEO plugin v27.3 - https:\/\/yoast.com\/product\/yoast-seo-wordpress\/ -->\n<title>Schulprogramm - Gesamtschule Eiserfeld<\/title>\n<meta name=\"robots\" content=\"index, follow, max-snippet:-1, max-image-preview:large, max-video-preview:-1\" \/>\n<link rel=\"canonical\" href=\"https:\/\/www.gesamtschule-eiserfeld.de\/?page_id=299\" \/>\n<meta property=\"og:locale\" content=\"de_DE\" \/>\n<meta property=\"og:type\" content=\"article\" \/>\n<meta property=\"og:title\" content=\"Schulprogramm - Gesamtschule Eiserfeld\" \/>\n<meta property=\"og:description\" content=\"Menschen begegnen sich in der Schule und m\u00fcssen lernen zusammenzuleben. Das Klima pr\u00e4gt den Umgang miteinander und ist zugleich das Ergebnis von Regeln und Vereinbarungen. Menschen brauchen Orientierung in der Informationsgesellschaft. Es gilt Informationen aufzunehmen, zu bewerten und zu verarbeiten. Daf\u00fcr braucht der Mensch bestimmte Techniken, Strategien und Haltungen. Mit dem Einstieg in das Berufsleben &hellip; Schulprogramm weiterlesen &rarr;\" \/>\n<meta property=\"og:url\" content=\"https:\/\/www.gesamtschule-eiserfeld.de\/?page_id=299\" \/>\n<meta property=\"og:site_name\" content=\"Gesamtschule Eiserfeld\" \/>\n<meta property=\"article:publisher\" content=\"https:\/\/www.facebook.com\/GEEiserfeld\" \/>\n<meta property=\"article:modified_time\" content=\"2024-06-04T09:35:12+00:00\" \/>\n<meta property=\"og:image\" content=\"https:\/\/www.gesamtschule-eiserfeld.de\/wp-content\/uploads\/2024\/05\/Schulsaeule3-e1716797706156-300x242.png\" \/>\n<meta name=\"twitter:card\" content=\"summary_large_image\" \/>\n<meta name=\"twitter:label1\" content=\"Gesch\u00e4tzte Lesezeit\" \/>\n\t<meta name=\"twitter:data1\" content=\"1\u00a0Minute\" \/>\n<script type=\"application\/ld+json\" class=\"yoast-schema-graph\">{\"@context\":\"https:\\\/\\\/schema.org\",\"@graph\":[{\"@type\":\"WebPage\",\"@id\":\"https:\\\/\\\/www.gesamtschule-eiserfeld.de\\\/?page_id=299\",\"url\":\"https:\\\/\\\/www.gesamtschule-eiserfeld.de\\\/?page_id=299\",\"name\":\"Schulprogramm - Gesamtschule Eiserfeld\",\"isPartOf\":{\"@id\":\"https:\\\/\\\/www.gesamtschule-eiserfeld.de\\\/#website\"},\"primaryImageOfPage\":{\"@id\":\"https:\\\/\\\/www.gesamtschule-eiserfeld.de\\\/?page_id=299#primaryimage\"},\"image\":{\"@id\":\"https:\\\/\\\/www.gesamtschule-eiserfeld.de\\\/?page_id=299#primaryimage\"},\"thumbnailUrl\":\"https:\\\/\\\/www.gesamtschule-eiserfeld.de\\\/wp-content\\\/uploads\\\/2024\\\/05\\\/Schulsaeule3-e1716797706156-300x242.png\",\"datePublished\":\"2012-07-03T10:28:07+00:00\",\"dateModified\":\"2024-06-04T09:35:12+00:00\",\"breadcrumb\":{\"@id\":\"https:\\\/\\\/www.gesamtschule-eiserfeld.de\\\/?page_id=299#breadcrumb\"},\"inLanguage\":\"de\",\"potentialAction\":[{\"@type\":\"ReadAction\",\"target\":[\"https:\\\/\\\/www.gesamtschule-eiserfeld.de\\\/?page_id=299\"]}]},{\"@type\":\"ImageObject\",\"inLanguage\":\"de\",\"@id\":\"https:\\\/\\\/www.gesamtschule-eiserfeld.de\\\/?page_id=299#primaryimage\",\"url\":\"https:\\\/\\\/i0.wp.com\\\/www.gesamtschule-eiserfeld.de\\\/wp-content\\\/uploads\\\/2024\\\/05\\\/Schulsaeule3-e1716797706156.png?fit=556%2C448&ssl=1\",\"contentUrl\":\"https:\\\/\\\/i0.wp.com\\\/www.gesamtschule-eiserfeld.de\\\/wp-content\\\/uploads\\\/2024\\\/05\\\/Schulsaeule3-e1716797706156.png?fit=556%2C448&ssl=1\",\"width\":556,\"height\":448,\"caption\":\"Die vier S\u00e4ulen unserer Schule\"},{\"@type\":\"BreadcrumbList\",\"@id\":\"https:\\\/\\\/www.gesamtschule-eiserfeld.de\\\/?page_id=299#breadcrumb\",\"itemListElement\":[{\"@type\":\"ListItem\",\"position\":1,\"name\":\"Startseite\",\"item\":\"https:\\\/\\\/www.gesamtschule-eiserfeld.de\\\/\"},{\"@type\":\"ListItem\",\"position\":2,\"name\":\"Schulprofil\",\"item\":\"https:\\\/\\\/www.gesamtschule-eiserfeld.de\\\/?page_id=72\"},{\"@type\":\"ListItem\",\"position\":3,\"name\":\"Schulprogramm\"}]},{\"@type\":\"WebSite\",\"@id\":\"https:\\\/\\\/www.gesamtschule-eiserfeld.de\\\/#website\",\"url\":\"https:\\\/\\\/www.gesamtschule-eiserfeld.de\\\/\",\"name\":\"Gesamtschule Eiserfeld\",\"description\":\"\",\"publisher\":{\"@id\":\"https:\\\/\\\/www.gesamtschule-eiserfeld.de\\\/#organization\"},\"potentialAction\":[{\"@type\":\"SearchAction\",\"target\":{\"@type\":\"EntryPoint\",\"urlTemplate\":\"https:\\\/\\\/www.gesamtschule-eiserfeld.de\\\/?s={search_term_string}\"},\"query-input\":{\"@type\":\"PropertyValueSpecification\",\"valueRequired\":true,\"valueName\":\"search_term_string\"}}],\"inLanguage\":\"de\"},{\"@type\":\"Organization\",\"@id\":\"https:\\\/\\\/www.gesamtschule-eiserfeld.de\\\/#organization\",\"name\":\"Gesamtschule Eiserfeld\",\"url\":\"https:\\\/\\\/www.gesamtschule-eiserfeld.de\\\/\",\"logo\":{\"@type\":\"ImageObject\",\"inLanguage\":\"de\",\"@id\":\"https:\\\/\\\/www.gesamtschule-eiserfeld.de\\\/#\\\/schema\\\/logo\\\/image\\\/\",\"url\":\"https:\\\/\\\/i1.wp.com\\\/www.gesamtschule-eiserfeld.de\\\/wp-content\\\/uploads\\\/2019\\\/01\\\/GEE-Logo-neu.jpg?fit=436%2C126&ssl=1\",\"contentUrl\":\"https:\\\/\\\/i1.wp.com\\\/www.gesamtschule-eiserfeld.de\\\/wp-content\\\/uploads\\\/2019\\\/01\\\/GEE-Logo-neu.jpg?fit=436%2C126&ssl=1\",\"width\":436,\"height\":126,\"caption\":\"Gesamtschule Eiserfeld\"},\"image\":{\"@id\":\"https:\\\/\\\/www.gesamtschule-eiserfeld.de\\\/#\\\/schema\\\/logo\\\/image\\\/\"},\"sameAs\":[\"https:\\\/\\\/www.facebook.com\\\/GEEiserfeld\"]}]}<\/script>\n<!-- \/ Yoast SEO plugin. -->","yoast_head_json":{"title":"Schulprogramm - Gesamtschule Eiserfeld","robots":{"index":"index","follow":"follow","max-snippet":"max-snippet:-1","max-image-preview":"max-image-preview:large","max-video-preview":"max-video-preview:-1"},"canonical":"https:\/\/www.gesamtschule-eiserfeld.de\/?page_id=299","og_locale":"de_DE","og_type":"article","og_title":"Schulprogramm - Gesamtschule Eiserfeld","og_description":"Menschen begegnen sich in der Schule und m\u00fcssen lernen zusammenzuleben. Das Klima pr\u00e4gt den Umgang miteinander und ist zugleich das Ergebnis von Regeln und Vereinbarungen. Menschen brauchen Orientierung in der Informationsgesellschaft. Es gilt Informationen aufzunehmen, zu bewerten und zu verarbeiten. Daf\u00fcr braucht der Mensch bestimmte Techniken, Strategien und Haltungen. Mit dem Einstieg in das Berufsleben &hellip; Schulprogramm weiterlesen &rarr;","og_url":"https:\/\/www.gesamtschule-eiserfeld.de\/?page_id=299","og_site_name":"Gesamtschule Eiserfeld","article_publisher":"https:\/\/www.facebook.com\/GEEiserfeld","article_modified_time":"2024-06-04T09:35:12+00:00","og_image":[{"url":"https:\/\/www.gesamtschule-eiserfeld.de\/wp-content\/uploads\/2024\/05\/Schulsaeule3-e1716797706156-300x242.png","type":"","width":"","height":""}],"twitter_card":"summary_large_image","twitter_misc":{"Gesch\u00e4tzte Lesezeit":"1\u00a0Minute"},"schema":{"@context":"https:\/\/schema.org","@graph":[{"@type":"WebPage","@id":"https:\/\/www.gesamtschule-eiserfeld.de\/?page_id=299","url":"https:\/\/www.gesamtschule-eiserfeld.de\/?page_id=299","name":"Schulprogramm - Gesamtschule Eiserfeld","isPartOf":{"@id":"https:\/\/www.gesamtschule-eiserfeld.de\/#website"},"primaryImageOfPage":{"@id":"https:\/\/www.gesamtschule-eiserfeld.de\/?page_id=299#primaryimage"},"image":{"@id":"https:\/\/www.gesamtschule-eiserfeld.de\/?page_id=299#primaryimage"},"thumbnailUrl":"https:\/\/www.gesamtschule-eiserfeld.de\/wp-content\/uploads\/2024\/05\/Schulsaeule3-e1716797706156-300x242.png","datePublished":"2012-07-03T10:28:07+00:00","dateModified":"2024-06-04T09:35:12+00:00","breadcrumb":{"@id":"https:\/\/www.gesamtschule-eiserfeld.de\/?page_id=299#breadcrumb"},"inLanguage":"de","potentialAction":[{"@type":"ReadAction","target":["https:\/\/www.gesamtschule-eiserfeld.de\/?page_id=299"]}]},{"@type":"ImageObject","inLanguage":"de","@id":"https:\/\/www.gesamtschule-eiserfeld.de\/?page_id=299#primaryimage","url":"https:\/\/i0.wp.com\/www.gesamtschule-eiserfeld.de\/wp-content\/uploads\/2024\/05\/Schulsaeule3-e1716797706156.png?fit=556%2C448&ssl=1","contentUrl":"https:\/\/i0.wp.com\/www.gesamtschule-eiserfeld.de\/wp-content\/uploads\/2024\/05\/Schulsaeule3-e1716797706156.png?fit=556%2C448&ssl=1","width":556,"height":448,"caption":"Die vier S\u00e4ulen unserer Schule"},{"@type":"BreadcrumbList","@id":"https:\/\/www.gesamtschule-eiserfeld.de\/?page_id=299#breadcrumb","itemListElement":[{"@type":"ListItem","position":1,"name":"Startseite","item":"https:\/\/www.gesamtschule-eiserfeld.de\/"},{"@type":"ListItem","position":2,"name":"Schulprofil","item":"https:\/\/www.gesamtschule-eiserfeld.de\/?page_id=72"},{"@type":"ListItem","position":3,"name":"Schulprogramm"}]},{"@type":"WebSite","@id":"https:\/\/www.gesamtschule-eiserfeld.de\/#website","url":"https:\/\/www.gesamtschule-eiserfeld.de\/","name":"Gesamtschule Eiserfeld","description":"","publisher":{"@id":"https:\/\/www.gesamtschule-eiserfeld.de\/#organization"},"potentialAction":[{"@type":"SearchAction","target":{"@type":"EntryPoint","urlTemplate":"https:\/\/www.gesamtschule-eiserfeld.de\/?s={search_term_string}"},"query-input":{"@type":"PropertyValueSpecification","valueRequired":true,"valueName":"search_term_string"}}],"inLanguage":"de"},{"@type":"Organization","@id":"https:\/\/www.gesamtschule-eiserfeld.de\/#organization","name":"Gesamtschule Eiserfeld","url":"https:\/\/www.gesamtschule-eiserfeld.de\/","logo":{"@type":"ImageObject","inLanguage":"de","@id":"https:\/\/www.gesamtschule-eiserfeld.de\/#\/schema\/logo\/image\/","url":"https:\/\/i1.wp.com\/www.gesamtschule-eiserfeld.de\/wp-content\/uploads\/2019\/01\/GEE-Logo-neu.jpg?fit=436%2C126&ssl=1","contentUrl":"https:\/\/i1.wp.com\/www.gesamtschule-eiserfeld.de\/wp-content\/uploads\/2019\/01\/GEE-Logo-neu.jpg?fit=436%2C126&ssl=1","width":436,"height":126,"caption":"Gesamtschule Eiserfeld"},"image":{"@id":"https:\/\/www.gesamtschule-eiserfeld.de\/#\/schema\/logo\/image\/"},"sameAs":["https:\/\/www.facebook.com\/GEEiserfeld"]}]}},"jetpack_shortlink":"https:\/\/wp.me\/P2weeL-4P","jetpack_sharing_enabled":true,"_links":{"self":[{"href":"https:\/\/www.gesamtschule-eiserfeld.de\/index.php?rest_route=\/wp\/v2\/pages\/299","targetHints":{"allow":["GET"]}}],"collection":[{"href":"https:\/\/www.gesamtschule-eiserfeld.de\/index.php?rest_route=\/wp\/v2\/pages"}],"about":[{"href":"https:\/\/www.gesamtschule-eiserfeld.de\/index.php?rest_route=\/wp\/v2\/types\/page"}],"author":[{"embeddable":true,"href":"https:\/\/www.gesamtschule-eiserfeld.de\/index.php?rest_route=\/wp\/v2\/users\/9"}],"replies":[{"embeddable":true,"href":"https:\/\/www.gesamtschule-eiserfeld.de\/index.php?rest_route=%2Fwp%2Fv2%2Fcomments&post=299"}],"version-history":[{"count":5,"href":"https:\/\/www.gesamtschule-eiserfeld.de\/index.php?rest_route=\/wp\/v2\/pages\/299\/revisions"}],"predecessor-version":[{"id":18853,"href":"https:\/\/www.gesamtschule-eiserfeld.de\/index.php?rest_route=\/wp\/v2\/pages\/299\/revisions\/18853"}],"up":[{"embeddable":true,"href":"https:\/\/www.gesamtschule-eiserfeld.de\/index.php?rest_route=\/wp\/v2\/pages\/72"}],"wp:attachment":[{"href":"https:\/\/www.gesamtschule-eiserfeld.de\/index.php?rest_route=%2Fwp%2Fv2%2Fmedia&parent=299"}],"curies":[{"name":"wp","href":"https:\/\/api.w.org\/{rel}","templated":true}]}}