{"id":3752,"date":"2014-05-21T16:26:30","date_gmt":"2014-05-21T15:26:30","guid":{"rendered":"http:\/\/ge-eiserfeld.de\/?page_id=3752"},"modified":"2023-02-10T12:47:51","modified_gmt":"2023-02-10T11:47:51","slug":"leistungskurse-whlen-weichen-stellen","status":"publish","type":"page","link":"https:\/\/www.gesamtschule-eiserfeld.de\/?page_id=3752","title":{"rendered":"Viele Leistungskurse &ndash; Individuelle Weichen stellen"},"content":{"rendered":"<p align=\"justify\"><i><a href=\"https:\/\/i0.wp.com\/gesamtschule-eiserfeld.de\/wp-content\/uploads\/2014\/05\/image_thumb3.png\"><img data-recalc-dims=\"1\" loading=\"lazy\" decoding=\"async\" style=\"background-image: none; padding-top: 0px; padding-left: 0px; display: inline; padding-right: 0px; border-width: 0px;\" title=\"image_thumb\" src=\"https:\/\/i0.wp.com\/gesamtschule-eiserfeld.de\/wp-content\/uploads\/2014\/05\/image_thumb_thumb.png?resize=474%2C175\" alt=\"image_thumb\" width=\"474\" height=\"175\" border=\"0\" \/><\/a><\/i><\/p>\n<p align=\"justify\">\n<p align=\"justify\">Wo liegen meine St\u00e4rken? In welchen F\u00e4chern kann ich in der Oberstufe am besten punkten? Was passt aus dem erweiterten Leistungskursangebot gut zu mir? Viele sehr grundlegende Fragen besch\u00e4ftigen die zahlreichen zuk\u00fcnftigen Oberstufensch\u00fcler und ihre Eltern an der Gesamtschule Eiserfeld.<\/p>\n<p align=\"justify\">Daher h\u00e4lt die Gesamtschule Eiserfeld ein <strong>vielf\u00e4ltiges<\/strong> <strong>Leistungskursangebot<\/strong>\u00a0 f\u00fcr ihre zuk\u00fcnftigen Oberstufensch\u00fcler bereit. So k\u00f6nnen sie ihre Leistungskurse aus den F\u00e4chern <strong>Deutsch, Englisch, Kunst, P\u00e4dagogik, Erdkunde, Geschichte, Mathematik, Chemie, Biologie <\/strong>und <strong>Sport <\/strong>sowie <strong>Kunst <\/strong>w\u00e4hlen. Um die Wahl nicht zur Qual werden zu lassen, stellen auf unserem Info-Abend zur LK-Wahl die Leistungskurslehrer ihr jeweiliges Fach und dessen Themen sowie Anforderungen vor. Dar\u00fcber hinaus f\u00fchren wir individuelle Beratungsgespr\u00e4che durch, um die Laufbahn so zu gestalten, dass sie den pers\u00f6nlichen St\u00e4rken und Interessen unserer Sch\u00fclerinnen und Sch\u00fcler entspricht.<\/p>\n<p align=\"justify\"><a href=\"https:\/\/i0.wp.com\/gesamtschule-eiserfeld.de\/wp-content\/uploads\/2016\/04\/image-2.png\"><img data-recalc-dims=\"1\" loading=\"lazy\" decoding=\"async\" style=\"background-image: none; padding-top: 0px; padding-left: 0px; display: inline; padding-right: 0px; border: 0px;\" title=\"image\" src=\"https:\/\/i0.wp.com\/gesamtschule-eiserfeld.de\/wp-content\/uploads\/2016\/04\/image_thumb-2.png?resize=474%2C356\" alt=\"image\" width=\"474\" height=\"356\" border=\"0\" \/><\/a><\/p>\n<p align=\"justify\">Eine Besonderheit der Gesamtschule Eiserfeld arbeitet dabei den Sch\u00fclern sehr zu: Bereits am Ende der Jahrgangsstufe 10 w\u00e4hlen alle Sch\u00fcler, auch externe Neuanmelder, ihre Leistungskurse f\u00fcr die Jahrgangsstufe Q1. Der Vorteil dieser M\u00f6glichkeit, die es in weitem Umkreis nur an der Gesamtschule Eiserfeld gibt, liegt auf der Hand: Schon in der Einf\u00fchrungsphase im Jahrgang EF k\u00f6nnen so mit Blick auf die sp\u00e4teren Leistungskurse abgestimmte Lerngruppen zusammengesetzt werden. Diese in der Einf\u00fchrungsphase gebildeten Grundkurse m\u00fcssen sp\u00e4ter, wenn es in Jahrgangsstufe Q1 dann an die Bildung der Leistungskurse geht, nicht mehr auseinander gerissen werden. Nach vielen Jahren Praxis wird der Erfolg dieses Konzeptes dadurch best\u00e4tigt, dass kaum Umwahlen anfallen. Au\u00dferdem ist sichergestellt, dass die in der EF angebotenen Kurse sp\u00e4ter als \u201eechte\u201c Leistungskurse auch weitergef\u00fchrt werden.<\/p>\n<p align=\"justify\">Sicher gibt auch die hohe Zahl der Bewerber f\u00fcr die Sekundarstufe II der Gesamtschule Eiserfeld und ihrem Oberstufenkonzept recht!<\/p>\n<p align=\"justify\">F\u00fcr weitere Informationen zur gymnasialen Oberstufe an unserer Schule geht es hier zum <a href=\"http:\/\/gesamtschule-eiserfeld.de\/?page_id=5606\" target=\"_blank\" rel=\"noopener\">Downloadbereich<\/a>.<\/p>\n","protected":false},"excerpt":{"rendered":"<p>Wo liegen meine St\u00e4rken? In welchen F\u00e4chern kann ich in der Oberstufe am besten punkten? Was passt aus dem erweiterten Leistungskursangebot gut zu mir? Viele sehr grundlegende Fragen besch\u00e4ftigen die zahlreichen zuk\u00fcnftigen Oberstufensch\u00fcler und ihre Eltern an der Gesamtschule Eiserfeld. Daher h\u00e4lt die Gesamtschule Eiserfeld ein vielf\u00e4ltiges Leistungskursangebot\u00a0 f\u00fcr ihre zuk\u00fcnftigen Oberstufensch\u00fcler bereit. So k\u00f6nnen &hellip; <a href=\"https:\/\/www.gesamtschule-eiserfeld.de\/?page_id=3752\" class=\"more-link\"><span class=\"screen-reader-text\">Viele Leistungskurse &ndash; Individuelle Weichen stellen<\/span> weiterlesen <span class=\"meta-nav\">&rarr;<\/span><\/a><\/p>\n","protected":false},"author":9,"featured_media":0,"parent":794,"menu_order":3,"comment_status":"closed","ping_status":"open","template":"","meta":{"jetpack_post_was_ever_published":false,"footnotes":""},"class_list":["post-3752","page","type-page","status-publish","hentry"],"yoast_head":"<!-- This site is optimized with the Yoast SEO plugin v27.4 - https:\/\/yoast.com\/product\/yoast-seo-wordpress\/ -->\n<title>Viele Leistungskurse &ndash; Individuelle Weichen stellen - Gesamtschule Eiserfeld<\/title>\n<meta name=\"robots\" content=\"index, follow, max-snippet:-1, max-image-preview:large, max-video-preview:-1\" \/>\n<link rel=\"canonical\" href=\"https:\/\/www.gesamtschule-eiserfeld.de\/?page_id=3752\" \/>\n<meta property=\"og:locale\" content=\"de_DE\" \/>\n<meta property=\"og:type\" content=\"article\" \/>\n<meta property=\"og:title\" content=\"Viele Leistungskurse &ndash; Individuelle Weichen stellen - Gesamtschule Eiserfeld\" \/>\n<meta property=\"og:description\" content=\"Wo liegen meine St\u00e4rken? In welchen F\u00e4chern kann ich in der Oberstufe am besten punkten? Was passt aus dem erweiterten Leistungskursangebot gut zu mir? Viele sehr grundlegende Fragen besch\u00e4ftigen die zahlreichen zuk\u00fcnftigen Oberstufensch\u00fcler und ihre Eltern an der Gesamtschule Eiserfeld. Daher h\u00e4lt die Gesamtschule Eiserfeld ein vielf\u00e4ltiges Leistungskursangebot\u00a0 f\u00fcr ihre zuk\u00fcnftigen Oberstufensch\u00fcler bereit. So k\u00f6nnen &hellip; Viele Leistungskurse &ndash; Individuelle Weichen stellen weiterlesen &rarr;\" \/>\n<meta property=\"og:url\" content=\"https:\/\/www.gesamtschule-eiserfeld.de\/?page_id=3752\" \/>\n<meta property=\"og:site_name\" content=\"Gesamtschule Eiserfeld\" \/>\n<meta property=\"article:publisher\" content=\"https:\/\/www.facebook.com\/GEEiserfeld\" \/>\n<meta property=\"article:modified_time\" content=\"2023-02-10T11:47:51+00:00\" \/>\n<meta property=\"og:image\" content=\"http:\/\/gesamtschule-eiserfeld.de\/wp-content\/uploads\/2014\/05\/image_thumb_thumb.png\" \/>\n<meta name=\"twitter:card\" content=\"summary_large_image\" \/>\n<meta name=\"twitter:label1\" content=\"Gesch\u00e4tzte Lesezeit\" \/>\n\t<meta name=\"twitter:data1\" content=\"2\u00a0Minuten\" \/>\n<script type=\"application\/ld+json\" class=\"yoast-schema-graph\">{\"@context\":\"https:\\\/\\\/schema.org\",\"@graph\":[{\"@type\":\"WebPage\",\"@id\":\"https:\\\/\\\/www.gesamtschule-eiserfeld.de\\\/?page_id=3752\",\"url\":\"https:\\\/\\\/www.gesamtschule-eiserfeld.de\\\/?page_id=3752\",\"name\":\"Viele Leistungskurse &ndash; Individuelle Weichen stellen - Gesamtschule Eiserfeld\",\"isPartOf\":{\"@id\":\"https:\\\/\\\/www.gesamtschule-eiserfeld.de\\\/#website\"},\"primaryImageOfPage\":{\"@id\":\"https:\\\/\\\/www.gesamtschule-eiserfeld.de\\\/?page_id=3752#primaryimage\"},\"image\":{\"@id\":\"https:\\\/\\\/www.gesamtschule-eiserfeld.de\\\/?page_id=3752#primaryimage\"},\"thumbnailUrl\":\"http:\\\/\\\/gesamtschule-eiserfeld.de\\\/wp-content\\\/uploads\\\/2014\\\/05\\\/image_thumb_thumb.png\",\"datePublished\":\"2014-05-21T15:26:30+00:00\",\"dateModified\":\"2023-02-10T11:47:51+00:00\",\"breadcrumb\":{\"@id\":\"https:\\\/\\\/www.gesamtschule-eiserfeld.de\\\/?page_id=3752#breadcrumb\"},\"inLanguage\":\"de\",\"potentialAction\":[{\"@type\":\"ReadAction\",\"target\":[\"https:\\\/\\\/www.gesamtschule-eiserfeld.de\\\/?page_id=3752\"]}]},{\"@type\":\"ImageObject\",\"inLanguage\":\"de\",\"@id\":\"https:\\\/\\\/www.gesamtschule-eiserfeld.de\\\/?page_id=3752#primaryimage\",\"url\":\"http:\\\/\\\/gesamtschule-eiserfeld.de\\\/wp-content\\\/uploads\\\/2014\\\/05\\\/image_thumb_thumb.png\",\"contentUrl\":\"http:\\\/\\\/gesamtschule-eiserfeld.de\\\/wp-content\\\/uploads\\\/2014\\\/05\\\/image_thumb_thumb.png\"},{\"@type\":\"BreadcrumbList\",\"@id\":\"https:\\\/\\\/www.gesamtschule-eiserfeld.de\\\/?page_id=3752#breadcrumb\",\"itemListElement\":[{\"@type\":\"ListItem\",\"position\":1,\"name\":\"Startseite\",\"item\":\"https:\\\/\\\/www.gesamtschule-eiserfeld.de\\\/\"},{\"@type\":\"ListItem\",\"position\":2,\"name\":\"Sekundarstufe II\",\"item\":\"https:\\\/\\\/www.gesamtschule-eiserfeld.de\\\/?page_id=794\"},{\"@type\":\"ListItem\",\"position\":3,\"name\":\"Viele Leistungskurse &ndash; Individuelle Weichen stellen\"}]},{\"@type\":\"WebSite\",\"@id\":\"https:\\\/\\\/www.gesamtschule-eiserfeld.de\\\/#website\",\"url\":\"https:\\\/\\\/www.gesamtschule-eiserfeld.de\\\/\",\"name\":\"Gesamtschule Eiserfeld\",\"description\":\"\",\"publisher\":{\"@id\":\"https:\\\/\\\/www.gesamtschule-eiserfeld.de\\\/#organization\"},\"potentialAction\":[{\"@type\":\"SearchAction\",\"target\":{\"@type\":\"EntryPoint\",\"urlTemplate\":\"https:\\\/\\\/www.gesamtschule-eiserfeld.de\\\/?s={search_term_string}\"},\"query-input\":{\"@type\":\"PropertyValueSpecification\",\"valueRequired\":true,\"valueName\":\"search_term_string\"}}],\"inLanguage\":\"de\"},{\"@type\":\"Organization\",\"@id\":\"https:\\\/\\\/www.gesamtschule-eiserfeld.de\\\/#organization\",\"name\":\"Gesamtschule Eiserfeld\",\"url\":\"https:\\\/\\\/www.gesamtschule-eiserfeld.de\\\/\",\"logo\":{\"@type\":\"ImageObject\",\"inLanguage\":\"de\",\"@id\":\"https:\\\/\\\/www.gesamtschule-eiserfeld.de\\\/#\\\/schema\\\/logo\\\/image\\\/\",\"url\":\"https:\\\/\\\/i1.wp.com\\\/www.gesamtschule-eiserfeld.de\\\/wp-content\\\/uploads\\\/2019\\\/01\\\/GEE-Logo-neu.jpg?fit=436%2C126&ssl=1\",\"contentUrl\":\"https:\\\/\\\/i1.wp.com\\\/www.gesamtschule-eiserfeld.de\\\/wp-content\\\/uploads\\\/2019\\\/01\\\/GEE-Logo-neu.jpg?fit=436%2C126&ssl=1\",\"width\":436,\"height\":126,\"caption\":\"Gesamtschule Eiserfeld\"},\"image\":{\"@id\":\"https:\\\/\\\/www.gesamtschule-eiserfeld.de\\\/#\\\/schema\\\/logo\\\/image\\\/\"},\"sameAs\":[\"https:\\\/\\\/www.facebook.com\\\/GEEiserfeld\"]}]}<\/script>\n<!-- \/ Yoast SEO plugin. -->","yoast_head_json":{"title":"Viele Leistungskurse &ndash; Individuelle Weichen stellen - Gesamtschule Eiserfeld","robots":{"index":"index","follow":"follow","max-snippet":"max-snippet:-1","max-image-preview":"max-image-preview:large","max-video-preview":"max-video-preview:-1"},"canonical":"https:\/\/www.gesamtschule-eiserfeld.de\/?page_id=3752","og_locale":"de_DE","og_type":"article","og_title":"Viele Leistungskurse &ndash; Individuelle Weichen stellen - Gesamtschule Eiserfeld","og_description":"Wo liegen meine St\u00e4rken? In welchen F\u00e4chern kann ich in der Oberstufe am besten punkten? Was passt aus dem erweiterten Leistungskursangebot gut zu mir? Viele sehr grundlegende Fragen besch\u00e4ftigen die zahlreichen zuk\u00fcnftigen Oberstufensch\u00fcler und ihre Eltern an der Gesamtschule Eiserfeld. Daher h\u00e4lt die Gesamtschule Eiserfeld ein vielf\u00e4ltiges Leistungskursangebot\u00a0 f\u00fcr ihre zuk\u00fcnftigen Oberstufensch\u00fcler bereit. So k\u00f6nnen &hellip; Viele Leistungskurse &ndash; Individuelle Weichen stellen weiterlesen &rarr;","og_url":"https:\/\/www.gesamtschule-eiserfeld.de\/?page_id=3752","og_site_name":"Gesamtschule Eiserfeld","article_publisher":"https:\/\/www.facebook.com\/GEEiserfeld","article_modified_time":"2023-02-10T11:47:51+00:00","og_image":[{"url":"http:\/\/gesamtschule-eiserfeld.de\/wp-content\/uploads\/2014\/05\/image_thumb_thumb.png","type":"","width":"","height":""}],"twitter_card":"summary_large_image","twitter_misc":{"Gesch\u00e4tzte Lesezeit":"2\u00a0Minuten"},"schema":{"@context":"https:\/\/schema.org","@graph":[{"@type":"WebPage","@id":"https:\/\/www.gesamtschule-eiserfeld.de\/?page_id=3752","url":"https:\/\/www.gesamtschule-eiserfeld.de\/?page_id=3752","name":"Viele Leistungskurse &ndash; Individuelle Weichen stellen - Gesamtschule Eiserfeld","isPartOf":{"@id":"https:\/\/www.gesamtschule-eiserfeld.de\/#website"},"primaryImageOfPage":{"@id":"https:\/\/www.gesamtschule-eiserfeld.de\/?page_id=3752#primaryimage"},"image":{"@id":"https:\/\/www.gesamtschule-eiserfeld.de\/?page_id=3752#primaryimage"},"thumbnailUrl":"http:\/\/gesamtschule-eiserfeld.de\/wp-content\/uploads\/2014\/05\/image_thumb_thumb.png","datePublished":"2014-05-21T15:26:30+00:00","dateModified":"2023-02-10T11:47:51+00:00","breadcrumb":{"@id":"https:\/\/www.gesamtschule-eiserfeld.de\/?page_id=3752#breadcrumb"},"inLanguage":"de","potentialAction":[{"@type":"ReadAction","target":["https:\/\/www.gesamtschule-eiserfeld.de\/?page_id=3752"]}]},{"@type":"ImageObject","inLanguage":"de","@id":"https:\/\/www.gesamtschule-eiserfeld.de\/?page_id=3752#primaryimage","url":"http:\/\/gesamtschule-eiserfeld.de\/wp-content\/uploads\/2014\/05\/image_thumb_thumb.png","contentUrl":"http:\/\/gesamtschule-eiserfeld.de\/wp-content\/uploads\/2014\/05\/image_thumb_thumb.png"},{"@type":"BreadcrumbList","@id":"https:\/\/www.gesamtschule-eiserfeld.de\/?page_id=3752#breadcrumb","itemListElement":[{"@type":"ListItem","position":1,"name":"Startseite","item":"https:\/\/www.gesamtschule-eiserfeld.de\/"},{"@type":"ListItem","position":2,"name":"Sekundarstufe II","item":"https:\/\/www.gesamtschule-eiserfeld.de\/?page_id=794"},{"@type":"ListItem","position":3,"name":"Viele Leistungskurse &ndash; Individuelle Weichen stellen"}]},{"@type":"WebSite","@id":"https:\/\/www.gesamtschule-eiserfeld.de\/#website","url":"https:\/\/www.gesamtschule-eiserfeld.de\/","name":"Gesamtschule Eiserfeld","description":"","publisher":{"@id":"https:\/\/www.gesamtschule-eiserfeld.de\/#organization"},"potentialAction":[{"@type":"SearchAction","target":{"@type":"EntryPoint","urlTemplate":"https:\/\/www.gesamtschule-eiserfeld.de\/?s={search_term_string}"},"query-input":{"@type":"PropertyValueSpecification","valueRequired":true,"valueName":"search_term_string"}}],"inLanguage":"de"},{"@type":"Organization","@id":"https:\/\/www.gesamtschule-eiserfeld.de\/#organization","name":"Gesamtschule Eiserfeld","url":"https:\/\/www.gesamtschule-eiserfeld.de\/","logo":{"@type":"ImageObject","inLanguage":"de","@id":"https:\/\/www.gesamtschule-eiserfeld.de\/#\/schema\/logo\/image\/","url":"https:\/\/i1.wp.com\/www.gesamtschule-eiserfeld.de\/wp-content\/uploads\/2019\/01\/GEE-Logo-neu.jpg?fit=436%2C126&ssl=1","contentUrl":"https:\/\/i1.wp.com\/www.gesamtschule-eiserfeld.de\/wp-content\/uploads\/2019\/01\/GEE-Logo-neu.jpg?fit=436%2C126&ssl=1","width":436,"height":126,"caption":"Gesamtschule Eiserfeld"},"image":{"@id":"https:\/\/www.gesamtschule-eiserfeld.de\/#\/schema\/logo\/image\/"},"sameAs":["https:\/\/www.facebook.com\/GEEiserfeld"]}]}},"jetpack_shortlink":"https:\/\/wp.me\/P2weeL-Yw","jetpack_sharing_enabled":true,"_links":{"self":[{"href":"https:\/\/www.gesamtschule-eiserfeld.de\/index.php?rest_route=\/wp\/v2\/pages\/3752","targetHints":{"allow":["GET"]}}],"collection":[{"href":"https:\/\/www.gesamtschule-eiserfeld.de\/index.php?rest_route=\/wp\/v2\/pages"}],"about":[{"href":"https:\/\/www.gesamtschule-eiserfeld.de\/index.php?rest_route=\/wp\/v2\/types\/page"}],"author":[{"embeddable":true,"href":"https:\/\/www.gesamtschule-eiserfeld.de\/index.php?rest_route=\/wp\/v2\/users\/9"}],"replies":[{"embeddable":true,"href":"https:\/\/www.gesamtschule-eiserfeld.de\/index.php?rest_route=%2Fwp%2Fv2%2Fcomments&post=3752"}],"version-history":[{"count":1,"href":"https:\/\/www.gesamtschule-eiserfeld.de\/index.php?rest_route=\/wp\/v2\/pages\/3752\/revisions"}],"predecessor-version":[{"id":17559,"href":"https:\/\/www.gesamtschule-eiserfeld.de\/index.php?rest_route=\/wp\/v2\/pages\/3752\/revisions\/17559"}],"up":[{"embeddable":true,"href":"https:\/\/www.gesamtschule-eiserfeld.de\/index.php?rest_route=\/wp\/v2\/pages\/794"}],"wp:attachment":[{"href":"https:\/\/www.gesamtschule-eiserfeld.de\/index.php?rest_route=%2Fwp%2Fv2%2Fmedia&parent=3752"}],"curies":[{"name":"wp","href":"https:\/\/api.w.org\/{rel}","templated":true}]}}