{"id":6481,"date":"2016-04-30T07:59:44","date_gmt":"2016-04-30T06:59:44","guid":{"rendered":"http:\/\/ge-eiserfeld.de\/?page_id=6481"},"modified":"2026-04-03T11:44:34","modified_gmt":"2026-04-03T10:44:34","slug":"ergaenzungsstunden","status":"publish","type":"page","link":"https:\/\/www.gesamtschule-eiserfeld.de\/?page_id=6481","title":{"rendered":"Erg\u00e4nzungsstunden"},"content":{"rendered":"\n<p>Die&nbsp;<strong>Erg\u00e4nzungskurse<\/strong>&nbsp;erweitern ab Klasse 9 die individuellen Lernschwerpunkte. Hier k\u00f6nnen die Sch\u00fclerinnen und Sch\u00fcler zwischen zwei Angeboten entscheiden:&nbsp;<strong><a href=\"https:\/\/www.gesamtschule-eiserfeld.de\/?page_id=3519\">Gemeinn\u00fctzig Handeln<\/a><\/strong>&nbsp;(Jg. 9) in Kombination mit verschiedenen Erg\u00e4nzungskursen (Jg 10) oder erneut einer Fremdsprache (<strong><a href=\"https:\/\/www.gesamtschule-eiserfeld.de\/?page_id=3007\">Franz\u00f6sisch<\/a>\/&nbsp;<a href=\"https:\/\/www.gesamtschule-eiserfeld.de\/?page_id=3162\">Spanisch<\/a><\/strong>) (F\u00fcr Jg 9 und 10). Dieser Bereich dient der Vertiefung pers\u00f6nlicher Interessen und der gezielten F\u00f6rderung.<\/p>\n\n\n\n<p>Genau wie  das Wahlpflichtfach I unterst\u00fctzen die Erg\u00e4nzungsstunden unsere Sch\u00fclerinnen und Sch\u00fcler dabei, ihre St\u00e4rken zu entdecken, neue Lernfelder auszuprobieren und sich optimal auf ihre weiteren Bildungswege vorzubereiten.<\/p>\n\n\n\n<p><strong>Downloads:&nbsp;<\/strong><\/p>\n\n\n\n<p><a href=\"https:\/\/www.gesamtschule-eiserfeld.de\/wp-content\/uploads\/2024\/04\/Ergaenzungskurswahl-fuer-die-Jahrgangsstufe-9-1.pdf\">Pr\u00e4sentation zu den Erg\u00e4nzungsstunden (ab Jahrgang 9)<\/a><\/p>\n\n\n\n<p><\/p>\n\n\n\n<p><\/p>\n","protected":false},"excerpt":{"rendered":"<p>Die&nbsp;Erg\u00e4nzungskurse&nbsp;erweitern ab Klasse 9 die individuellen Lernschwerpunkte. Hier k\u00f6nnen die Sch\u00fclerinnen und Sch\u00fcler zwischen zwei Angeboten entscheiden:&nbsp;Gemeinn\u00fctzig Handeln&nbsp;(Jg. 9) in Kombination mit verschiedenen Erg\u00e4nzungskursen (Jg 10) oder erneut einer Fremdsprache (Franz\u00f6sisch\/&nbsp;Spanisch) (F\u00fcr Jg 9 und 10). Dieser Bereich dient der Vertiefung pers\u00f6nlicher Interessen und der gezielten F\u00f6rderung. Genau wie das Wahlpflichtfach I unterst\u00fctzen die Erg\u00e4nzungsstunden &hellip; <a href=\"https:\/\/www.gesamtschule-eiserfeld.de\/?page_id=6481\" class=\"more-link\"><span class=\"screen-reader-text\">Erg\u00e4nzungsstunden<\/span> weiterlesen <span class=\"meta-nav\">&rarr;<\/span><\/a><\/p>\n","protected":false},"author":9,"featured_media":0,"parent":74,"menu_order":4,"comment_status":"closed","ping_status":"closed","template":"","meta":{"jetpack_post_was_ever_published":false,"footnotes":""},"class_list":["post-6481","page","type-page","status-publish","hentry"],"yoast_head":"<!-- This site is optimized with the Yoast SEO plugin v27.4 - https:\/\/yoast.com\/product\/yoast-seo-wordpress\/ -->\n<title>Erg\u00e4nzungsstunden - Gesamtschule Eiserfeld<\/title>\n<meta name=\"robots\" content=\"index, follow, max-snippet:-1, max-image-preview:large, max-video-preview:-1\" \/>\n<link rel=\"canonical\" href=\"https:\/\/www.gesamtschule-eiserfeld.de\/?page_id=6481\" \/>\n<meta property=\"og:locale\" content=\"de_DE\" \/>\n<meta property=\"og:type\" content=\"article\" \/>\n<meta property=\"og:title\" content=\"Erg\u00e4nzungsstunden - Gesamtschule Eiserfeld\" \/>\n<meta property=\"og:description\" content=\"Die&nbsp;Erg\u00e4nzungskurse&nbsp;erweitern ab Klasse 9 die individuellen Lernschwerpunkte. Hier k\u00f6nnen die Sch\u00fclerinnen und Sch\u00fcler zwischen zwei Angeboten entscheiden:&nbsp;Gemeinn\u00fctzig Handeln&nbsp;(Jg. 9) in Kombination mit verschiedenen Erg\u00e4nzungskursen (Jg 10) oder erneut einer Fremdsprache (Franz\u00f6sisch\/&nbsp;Spanisch) (F\u00fcr Jg 9 und 10). Dieser Bereich dient der Vertiefung pers\u00f6nlicher Interessen und der gezielten F\u00f6rderung. Genau wie das Wahlpflichtfach I unterst\u00fctzen die Erg\u00e4nzungsstunden &hellip; Erg\u00e4nzungsstunden weiterlesen &rarr;\" \/>\n<meta property=\"og:url\" content=\"https:\/\/www.gesamtschule-eiserfeld.de\/?page_id=6481\" \/>\n<meta property=\"og:site_name\" content=\"Gesamtschule Eiserfeld\" \/>\n<meta property=\"article:publisher\" content=\"https:\/\/www.facebook.com\/GEEiserfeld\" \/>\n<meta property=\"article:modified_time\" content=\"2026-04-03T10:44:34+00:00\" \/>\n<meta name=\"twitter:card\" content=\"summary_large_image\" \/>\n<meta name=\"twitter:label1\" content=\"Gesch\u00e4tzte Lesezeit\" \/>\n\t<meta name=\"twitter:data1\" content=\"1\u00a0Minute\" \/>\n<script type=\"application\/ld+json\" class=\"yoast-schema-graph\">{\"@context\":\"https:\\\/\\\/schema.org\",\"@graph\":[{\"@type\":\"WebPage\",\"@id\":\"https:\\\/\\\/www.gesamtschule-eiserfeld.de\\\/?page_id=6481\",\"url\":\"https:\\\/\\\/www.gesamtschule-eiserfeld.de\\\/?page_id=6481\",\"name\":\"Erg\u00e4nzungsstunden - Gesamtschule Eiserfeld\",\"isPartOf\":{\"@id\":\"https:\\\/\\\/www.gesamtschule-eiserfeld.de\\\/#website\"},\"datePublished\":\"2016-04-30T06:59:44+00:00\",\"dateModified\":\"2026-04-03T10:44:34+00:00\",\"breadcrumb\":{\"@id\":\"https:\\\/\\\/www.gesamtschule-eiserfeld.de\\\/?page_id=6481#breadcrumb\"},\"inLanguage\":\"de\",\"potentialAction\":[{\"@type\":\"ReadAction\",\"target\":[\"https:\\\/\\\/www.gesamtschule-eiserfeld.de\\\/?page_id=6481\"]}]},{\"@type\":\"BreadcrumbList\",\"@id\":\"https:\\\/\\\/www.gesamtschule-eiserfeld.de\\\/?page_id=6481#breadcrumb\",\"itemListElement\":[{\"@type\":\"ListItem\",\"position\":1,\"name\":\"Startseite\",\"item\":\"https:\\\/\\\/www.gesamtschule-eiserfeld.de\\\/\"},{\"@type\":\"ListItem\",\"position\":2,\"name\":\"Unterricht\",\"item\":\"https:\\\/\\\/www.gesamtschule-eiserfeld.de\\\/?page_id=74\"},{\"@type\":\"ListItem\",\"position\":3,\"name\":\"Erg\u00e4nzungsstunden\"}]},{\"@type\":\"WebSite\",\"@id\":\"https:\\\/\\\/www.gesamtschule-eiserfeld.de\\\/#website\",\"url\":\"https:\\\/\\\/www.gesamtschule-eiserfeld.de\\\/\",\"name\":\"Gesamtschule Eiserfeld\",\"description\":\"\",\"publisher\":{\"@id\":\"https:\\\/\\\/www.gesamtschule-eiserfeld.de\\\/#organization\"},\"potentialAction\":[{\"@type\":\"SearchAction\",\"target\":{\"@type\":\"EntryPoint\",\"urlTemplate\":\"https:\\\/\\\/www.gesamtschule-eiserfeld.de\\\/?s={search_term_string}\"},\"query-input\":{\"@type\":\"PropertyValueSpecification\",\"valueRequired\":true,\"valueName\":\"search_term_string\"}}],\"inLanguage\":\"de\"},{\"@type\":\"Organization\",\"@id\":\"https:\\\/\\\/www.gesamtschule-eiserfeld.de\\\/#organization\",\"name\":\"Gesamtschule Eiserfeld\",\"url\":\"https:\\\/\\\/www.gesamtschule-eiserfeld.de\\\/\",\"logo\":{\"@type\":\"ImageObject\",\"inLanguage\":\"de\",\"@id\":\"https:\\\/\\\/www.gesamtschule-eiserfeld.de\\\/#\\\/schema\\\/logo\\\/image\\\/\",\"url\":\"https:\\\/\\\/i1.wp.com\\\/www.gesamtschule-eiserfeld.de\\\/wp-content\\\/uploads\\\/2019\\\/01\\\/GEE-Logo-neu.jpg?fit=436%2C126&ssl=1\",\"contentUrl\":\"https:\\\/\\\/i1.wp.com\\\/www.gesamtschule-eiserfeld.de\\\/wp-content\\\/uploads\\\/2019\\\/01\\\/GEE-Logo-neu.jpg?fit=436%2C126&ssl=1\",\"width\":436,\"height\":126,\"caption\":\"Gesamtschule Eiserfeld\"},\"image\":{\"@id\":\"https:\\\/\\\/www.gesamtschule-eiserfeld.de\\\/#\\\/schema\\\/logo\\\/image\\\/\"},\"sameAs\":[\"https:\\\/\\\/www.facebook.com\\\/GEEiserfeld\"]}]}<\/script>\n<!-- \/ Yoast SEO plugin. -->","yoast_head_json":{"title":"Erg\u00e4nzungsstunden - Gesamtschule Eiserfeld","robots":{"index":"index","follow":"follow","max-snippet":"max-snippet:-1","max-image-preview":"max-image-preview:large","max-video-preview":"max-video-preview:-1"},"canonical":"https:\/\/www.gesamtschule-eiserfeld.de\/?page_id=6481","og_locale":"de_DE","og_type":"article","og_title":"Erg\u00e4nzungsstunden - Gesamtschule Eiserfeld","og_description":"Die&nbsp;Erg\u00e4nzungskurse&nbsp;erweitern ab Klasse 9 die individuellen Lernschwerpunkte. Hier k\u00f6nnen die Sch\u00fclerinnen und Sch\u00fcler zwischen zwei Angeboten entscheiden:&nbsp;Gemeinn\u00fctzig Handeln&nbsp;(Jg. 9) in Kombination mit verschiedenen Erg\u00e4nzungskursen (Jg 10) oder erneut einer Fremdsprache (Franz\u00f6sisch\/&nbsp;Spanisch) (F\u00fcr Jg 9 und 10). Dieser Bereich dient der Vertiefung pers\u00f6nlicher Interessen und der gezielten F\u00f6rderung. Genau wie das Wahlpflichtfach I unterst\u00fctzen die Erg\u00e4nzungsstunden &hellip; Erg\u00e4nzungsstunden weiterlesen &rarr;","og_url":"https:\/\/www.gesamtschule-eiserfeld.de\/?page_id=6481","og_site_name":"Gesamtschule Eiserfeld","article_publisher":"https:\/\/www.facebook.com\/GEEiserfeld","article_modified_time":"2026-04-03T10:44:34+00:00","twitter_card":"summary_large_image","twitter_misc":{"Gesch\u00e4tzte Lesezeit":"1\u00a0Minute"},"schema":{"@context":"https:\/\/schema.org","@graph":[{"@type":"WebPage","@id":"https:\/\/www.gesamtschule-eiserfeld.de\/?page_id=6481","url":"https:\/\/www.gesamtschule-eiserfeld.de\/?page_id=6481","name":"Erg\u00e4nzungsstunden - Gesamtschule Eiserfeld","isPartOf":{"@id":"https:\/\/www.gesamtschule-eiserfeld.de\/#website"},"datePublished":"2016-04-30T06:59:44+00:00","dateModified":"2026-04-03T10:44:34+00:00","breadcrumb":{"@id":"https:\/\/www.gesamtschule-eiserfeld.de\/?page_id=6481#breadcrumb"},"inLanguage":"de","potentialAction":[{"@type":"ReadAction","target":["https:\/\/www.gesamtschule-eiserfeld.de\/?page_id=6481"]}]},{"@type":"BreadcrumbList","@id":"https:\/\/www.gesamtschule-eiserfeld.de\/?page_id=6481#breadcrumb","itemListElement":[{"@type":"ListItem","position":1,"name":"Startseite","item":"https:\/\/www.gesamtschule-eiserfeld.de\/"},{"@type":"ListItem","position":2,"name":"Unterricht","item":"https:\/\/www.gesamtschule-eiserfeld.de\/?page_id=74"},{"@type":"ListItem","position":3,"name":"Erg\u00e4nzungsstunden"}]},{"@type":"WebSite","@id":"https:\/\/www.gesamtschule-eiserfeld.de\/#website","url":"https:\/\/www.gesamtschule-eiserfeld.de\/","name":"Gesamtschule Eiserfeld","description":"","publisher":{"@id":"https:\/\/www.gesamtschule-eiserfeld.de\/#organization"},"potentialAction":[{"@type":"SearchAction","target":{"@type":"EntryPoint","urlTemplate":"https:\/\/www.gesamtschule-eiserfeld.de\/?s={search_term_string}"},"query-input":{"@type":"PropertyValueSpecification","valueRequired":true,"valueName":"search_term_string"}}],"inLanguage":"de"},{"@type":"Organization","@id":"https:\/\/www.gesamtschule-eiserfeld.de\/#organization","name":"Gesamtschule Eiserfeld","url":"https:\/\/www.gesamtschule-eiserfeld.de\/","logo":{"@type":"ImageObject","inLanguage":"de","@id":"https:\/\/www.gesamtschule-eiserfeld.de\/#\/schema\/logo\/image\/","url":"https:\/\/i1.wp.com\/www.gesamtschule-eiserfeld.de\/wp-content\/uploads\/2019\/01\/GEE-Logo-neu.jpg?fit=436%2C126&ssl=1","contentUrl":"https:\/\/i1.wp.com\/www.gesamtschule-eiserfeld.de\/wp-content\/uploads\/2019\/01\/GEE-Logo-neu.jpg?fit=436%2C126&ssl=1","width":436,"height":126,"caption":"Gesamtschule Eiserfeld"},"image":{"@id":"https:\/\/www.gesamtschule-eiserfeld.de\/#\/schema\/logo\/image\/"},"sameAs":["https:\/\/www.facebook.com\/GEEiserfeld"]}]}},"jetpack_shortlink":"https:\/\/wp.me\/P2weeL-1Gx","jetpack_sharing_enabled":true,"_links":{"self":[{"href":"https:\/\/www.gesamtschule-eiserfeld.de\/index.php?rest_route=\/wp\/v2\/pages\/6481","targetHints":{"allow":["GET"]}}],"collection":[{"href":"https:\/\/www.gesamtschule-eiserfeld.de\/index.php?rest_route=\/wp\/v2\/pages"}],"about":[{"href":"https:\/\/www.gesamtschule-eiserfeld.de\/index.php?rest_route=\/wp\/v2\/types\/page"}],"author":[{"embeddable":true,"href":"https:\/\/www.gesamtschule-eiserfeld.de\/index.php?rest_route=\/wp\/v2\/users\/9"}],"replies":[{"embeddable":true,"href":"https:\/\/www.gesamtschule-eiserfeld.de\/index.php?rest_route=%2Fwp%2Fv2%2Fcomments&post=6481"}],"version-history":[{"count":3,"href":"https:\/\/www.gesamtschule-eiserfeld.de\/index.php?rest_route=\/wp\/v2\/pages\/6481\/revisions"}],"predecessor-version":[{"id":20885,"href":"https:\/\/www.gesamtschule-eiserfeld.de\/index.php?rest_route=\/wp\/v2\/pages\/6481\/revisions\/20885"}],"up":[{"embeddable":true,"href":"https:\/\/www.gesamtschule-eiserfeld.de\/index.php?rest_route=\/wp\/v2\/pages\/74"}],"wp:attachment":[{"href":"https:\/\/www.gesamtschule-eiserfeld.de\/index.php?rest_route=%2Fwp%2Fv2%2Fmedia&parent=6481"}],"curies":[{"name":"wp","href":"https:\/\/api.w.org\/{rel}","templated":true}]}}