{"id":79,"date":"2012-06-18T16:27:16","date_gmt":"2012-06-18T14:27:16","guid":{"rendered":"http:\/\/ge-eiserfeld.de\/?page_id=79"},"modified":"2024-11-28T11:12:04","modified_gmt":"2024-11-28T10:12:04","slug":"eltern","status":"publish","type":"page","link":"https:\/\/www.gesamtschule-eiserfeld.de\/?page_id=79","title":{"rendered":"Kontakt\/Anfahrt"},"content":{"rendered":"<table>\n<tbody>\n<tr>\n<td><strong>GEE Geb\u00e4ude 1 <\/strong>(Stufen 8 bis 13\/Q2)<br \/>Talsbachstra\u00dfe 33<br \/>57080 Siegen<br \/>Tel: 0271-3031480<br \/>Fax:0271-30314836<\/td>\n<td><strong>GEE Geb\u00e4ude 2 <\/strong>(Stufen 5 bis 7)<br \/>Am Hengsberg 20<br \/>57080 Siegen<br \/>Tel: 0271-80958880<br \/>Fax: 0271-8095888-38<\/td>\n<\/tr>\n<\/tbody>\n<\/table>\n<p>Mail: <a href=\"mailto:buero@gesamtschule-eiserfeld.de\">buero@gesamtschule-eiserfeld.de<\/a><\/p>\n<p><a href=\"https:\/\/i0.wp.com\/gesamtschule-eiserfeld.de\/wp-content\/uploads\/2016\/04\/image-8.png\"><img data-recalc-dims=\"1\" loading=\"lazy\" decoding=\"async\" style=\"background-image: none; padding-top: 0px; padding-left: 0px; margin: 0px; display: inline; padding-right: 0px; border-width: 0px;\" title=\"image\" src=\"https:\/\/i0.wp.com\/gesamtschule-eiserfeld.de\/wp-content\/uploads\/2016\/04\/image_thumb-8.png?resize=474%2C728\" alt=\"image\" width=\"474\" height=\"728\" border=\"0\" \/><\/a><\/p>\n<p><strong>Zum Geb\u00e4ude 1<\/strong>, Talsbachstra\u00dfe 33:<br \/>Von der Eiserntalstra\u00dfe an der n\u00e4chsten Ampel links in die Talsbachstra\u00dfe. Vom gro\u00dfen Schulparkplatz sind es etwa 150m Fu\u00dfweg zur Schule<\/p>\n<p><strong>Zum Geb\u00e4ude 2<\/strong>, Am Hengsberg 20:<br \/>Von der Eiserntalstra\u00dfe nach etwa 50 Metern links in die Gartenstra\u00dfe abbiegen. Dem Stra\u00dfenverlauf folgen und sich bei der ersten Gabelung rechts halten &#8211; &#8222;Am Hengsberg&#8220;. Nach etwa 200m befindet sich das Schulgeb\u00e4ude rechts oberhalb des Spielplatzes.<\/p>\n\n\n<p><\/p>\n","protected":false},"excerpt":{"rendered":"<p>GEE Geb\u00e4ude 1 (Stufen 8 bis 13\/Q2)Talsbachstra\u00dfe 3357080 SiegenTel: 0271-3031480Fax:0271-30314836 GEE Geb\u00e4ude 2 (Stufen 5 bis 7)Am Hengsberg 2057080 SiegenTel: 0271-80958880Fax: 0271-8095888-38 Mail: buero@gesamtschule-eiserfeld.de Zum Geb\u00e4ude 1, Talsbachstra\u00dfe 33:Von der Eiserntalstra\u00dfe an der n\u00e4chsten Ampel links in die Talsbachstra\u00dfe. Vom gro\u00dfen Schulparkplatz sind es etwa 150m Fu\u00dfweg zur Schule Zum Geb\u00e4ude 2, Am Hengsberg 20:Von &hellip; <a href=\"https:\/\/www.gesamtschule-eiserfeld.de\/?page_id=79\" class=\"more-link\"><span class=\"screen-reader-text\">Kontakt\/Anfahrt<\/span> weiterlesen <span class=\"meta-nav\">&rarr;<\/span><\/a><\/p>\n","protected":false},"author":9,"featured_media":0,"parent":0,"menu_order":12,"comment_status":"closed","ping_status":"closed","template":"","meta":{"jetpack_post_was_ever_published":false,"footnotes":""},"class_list":["post-79","page","type-page","status-publish","hentry"],"yoast_head":"<!-- This site is optimized with the Yoast SEO plugin v27.4 - https:\/\/yoast.com\/product\/yoast-seo-wordpress\/ -->\n<title>Kontakt\/Anfahrt - Gesamtschule Eiserfeld<\/title>\n<meta name=\"robots\" content=\"index, follow, max-snippet:-1, max-image-preview:large, max-video-preview:-1\" \/>\n<link rel=\"canonical\" href=\"https:\/\/www.gesamtschule-eiserfeld.de\/?page_id=79\" \/>\n<meta property=\"og:locale\" content=\"de_DE\" \/>\n<meta property=\"og:type\" content=\"article\" \/>\n<meta property=\"og:title\" content=\"Kontakt\/Anfahrt - Gesamtschule Eiserfeld\" \/>\n<meta property=\"og:description\" content=\"GEE Geb\u00e4ude 1 (Stufen 8 bis 13\/Q2)Talsbachstra\u00dfe 3357080 SiegenTel: 0271-3031480Fax:0271-30314836 GEE Geb\u00e4ude 2 (Stufen 5 bis 7)Am Hengsberg 2057080 SiegenTel: 0271-80958880Fax: 0271-8095888-38 Mail: buero@gesamtschule-eiserfeld.de Zum Geb\u00e4ude 1, Talsbachstra\u00dfe 33:Von der Eiserntalstra\u00dfe an der n\u00e4chsten Ampel links in die Talsbachstra\u00dfe. Vom gro\u00dfen Schulparkplatz sind es etwa 150m Fu\u00dfweg zur Schule Zum Geb\u00e4ude 2, Am Hengsberg 20:Von &hellip; Kontakt\/Anfahrt weiterlesen &rarr;\" \/>\n<meta property=\"og:url\" content=\"https:\/\/www.gesamtschule-eiserfeld.de\/?page_id=79\" \/>\n<meta property=\"og:site_name\" content=\"Gesamtschule Eiserfeld\" \/>\n<meta property=\"article:publisher\" content=\"https:\/\/www.facebook.com\/GEEiserfeld\" \/>\n<meta property=\"article:modified_time\" content=\"2024-11-28T10:12:04+00:00\" \/>\n<meta property=\"og:image\" content=\"http:\/\/gesamtschule-eiserfeld.de\/wp-content\/uploads\/2016\/04\/image_thumb-8.png\" \/>\n<meta name=\"twitter:card\" content=\"summary_large_image\" \/>\n<meta name=\"twitter:label1\" content=\"Gesch\u00e4tzte Lesezeit\" \/>\n\t<meta name=\"twitter:data1\" content=\"1\u00a0Minute\" \/>\n<script type=\"application\/ld+json\" class=\"yoast-schema-graph\">{\"@context\":\"https:\\\/\\\/schema.org\",\"@graph\":[{\"@type\":\"WebPage\",\"@id\":\"https:\\\/\\\/www.gesamtschule-eiserfeld.de\\\/?page_id=79\",\"url\":\"https:\\\/\\\/www.gesamtschule-eiserfeld.de\\\/?page_id=79\",\"name\":\"Kontakt\\\/Anfahrt - Gesamtschule Eiserfeld\",\"isPartOf\":{\"@id\":\"https:\\\/\\\/www.gesamtschule-eiserfeld.de\\\/#website\"},\"primaryImageOfPage\":{\"@id\":\"https:\\\/\\\/www.gesamtschule-eiserfeld.de\\\/?page_id=79#primaryimage\"},\"image\":{\"@id\":\"https:\\\/\\\/www.gesamtschule-eiserfeld.de\\\/?page_id=79#primaryimage\"},\"thumbnailUrl\":\"http:\\\/\\\/gesamtschule-eiserfeld.de\\\/wp-content\\\/uploads\\\/2016\\\/04\\\/image_thumb-8.png\",\"datePublished\":\"2012-06-18T14:27:16+00:00\",\"dateModified\":\"2024-11-28T10:12:04+00:00\",\"breadcrumb\":{\"@id\":\"https:\\\/\\\/www.gesamtschule-eiserfeld.de\\\/?page_id=79#breadcrumb\"},\"inLanguage\":\"de\",\"potentialAction\":[{\"@type\":\"ReadAction\",\"target\":[\"https:\\\/\\\/www.gesamtschule-eiserfeld.de\\\/?page_id=79\"]}]},{\"@type\":\"ImageObject\",\"inLanguage\":\"de\",\"@id\":\"https:\\\/\\\/www.gesamtschule-eiserfeld.de\\\/?page_id=79#primaryimage\",\"url\":\"http:\\\/\\\/gesamtschule-eiserfeld.de\\\/wp-content\\\/uploads\\\/2016\\\/04\\\/image_thumb-8.png\",\"contentUrl\":\"http:\\\/\\\/gesamtschule-eiserfeld.de\\\/wp-content\\\/uploads\\\/2016\\\/04\\\/image_thumb-8.png\"},{\"@type\":\"BreadcrumbList\",\"@id\":\"https:\\\/\\\/www.gesamtschule-eiserfeld.de\\\/?page_id=79#breadcrumb\",\"itemListElement\":[{\"@type\":\"ListItem\",\"position\":1,\"name\":\"Startseite\",\"item\":\"https:\\\/\\\/www.gesamtschule-eiserfeld.de\\\/\"},{\"@type\":\"ListItem\",\"position\":2,\"name\":\"Kontakt\\\/Anfahrt\"}]},{\"@type\":\"WebSite\",\"@id\":\"https:\\\/\\\/www.gesamtschule-eiserfeld.de\\\/#website\",\"url\":\"https:\\\/\\\/www.gesamtschule-eiserfeld.de\\\/\",\"name\":\"Gesamtschule Eiserfeld\",\"description\":\"\",\"publisher\":{\"@id\":\"https:\\\/\\\/www.gesamtschule-eiserfeld.de\\\/#organization\"},\"potentialAction\":[{\"@type\":\"SearchAction\",\"target\":{\"@type\":\"EntryPoint\",\"urlTemplate\":\"https:\\\/\\\/www.gesamtschule-eiserfeld.de\\\/?s={search_term_string}\"},\"query-input\":{\"@type\":\"PropertyValueSpecification\",\"valueRequired\":true,\"valueName\":\"search_term_string\"}}],\"inLanguage\":\"de\"},{\"@type\":\"Organization\",\"@id\":\"https:\\\/\\\/www.gesamtschule-eiserfeld.de\\\/#organization\",\"name\":\"Gesamtschule Eiserfeld\",\"url\":\"https:\\\/\\\/www.gesamtschule-eiserfeld.de\\\/\",\"logo\":{\"@type\":\"ImageObject\",\"inLanguage\":\"de\",\"@id\":\"https:\\\/\\\/www.gesamtschule-eiserfeld.de\\\/#\\\/schema\\\/logo\\\/image\\\/\",\"url\":\"https:\\\/\\\/i1.wp.com\\\/www.gesamtschule-eiserfeld.de\\\/wp-content\\\/uploads\\\/2019\\\/01\\\/GEE-Logo-neu.jpg?fit=436%2C126&ssl=1\",\"contentUrl\":\"https:\\\/\\\/i1.wp.com\\\/www.gesamtschule-eiserfeld.de\\\/wp-content\\\/uploads\\\/2019\\\/01\\\/GEE-Logo-neu.jpg?fit=436%2C126&ssl=1\",\"width\":436,\"height\":126,\"caption\":\"Gesamtschule Eiserfeld\"},\"image\":{\"@id\":\"https:\\\/\\\/www.gesamtschule-eiserfeld.de\\\/#\\\/schema\\\/logo\\\/image\\\/\"},\"sameAs\":[\"https:\\\/\\\/www.facebook.com\\\/GEEiserfeld\"]}]}<\/script>\n<!-- \/ Yoast SEO plugin. -->","yoast_head_json":{"title":"Kontakt\/Anfahrt - Gesamtschule Eiserfeld","robots":{"index":"index","follow":"follow","max-snippet":"max-snippet:-1","max-image-preview":"max-image-preview:large","max-video-preview":"max-video-preview:-1"},"canonical":"https:\/\/www.gesamtschule-eiserfeld.de\/?page_id=79","og_locale":"de_DE","og_type":"article","og_title":"Kontakt\/Anfahrt - Gesamtschule Eiserfeld","og_description":"GEE Geb\u00e4ude 1 (Stufen 8 bis 13\/Q2)Talsbachstra\u00dfe 3357080 SiegenTel: 0271-3031480Fax:0271-30314836 GEE Geb\u00e4ude 2 (Stufen 5 bis 7)Am Hengsberg 2057080 SiegenTel: 0271-80958880Fax: 0271-8095888-38 Mail: buero@gesamtschule-eiserfeld.de Zum Geb\u00e4ude 1, Talsbachstra\u00dfe 33:Von der Eiserntalstra\u00dfe an der n\u00e4chsten Ampel links in die Talsbachstra\u00dfe. Vom gro\u00dfen Schulparkplatz sind es etwa 150m Fu\u00dfweg zur Schule Zum Geb\u00e4ude 2, Am Hengsberg 20:Von &hellip; Kontakt\/Anfahrt weiterlesen &rarr;","og_url":"https:\/\/www.gesamtschule-eiserfeld.de\/?page_id=79","og_site_name":"Gesamtschule Eiserfeld","article_publisher":"https:\/\/www.facebook.com\/GEEiserfeld","article_modified_time":"2024-11-28T10:12:04+00:00","og_image":[{"url":"http:\/\/gesamtschule-eiserfeld.de\/wp-content\/uploads\/2016\/04\/image_thumb-8.png","type":"","width":"","height":""}],"twitter_card":"summary_large_image","twitter_misc":{"Gesch\u00e4tzte Lesezeit":"1\u00a0Minute"},"schema":{"@context":"https:\/\/schema.org","@graph":[{"@type":"WebPage","@id":"https:\/\/www.gesamtschule-eiserfeld.de\/?page_id=79","url":"https:\/\/www.gesamtschule-eiserfeld.de\/?page_id=79","name":"Kontakt\/Anfahrt - Gesamtschule Eiserfeld","isPartOf":{"@id":"https:\/\/www.gesamtschule-eiserfeld.de\/#website"},"primaryImageOfPage":{"@id":"https:\/\/www.gesamtschule-eiserfeld.de\/?page_id=79#primaryimage"},"image":{"@id":"https:\/\/www.gesamtschule-eiserfeld.de\/?page_id=79#primaryimage"},"thumbnailUrl":"http:\/\/gesamtschule-eiserfeld.de\/wp-content\/uploads\/2016\/04\/image_thumb-8.png","datePublished":"2012-06-18T14:27:16+00:00","dateModified":"2024-11-28T10:12:04+00:00","breadcrumb":{"@id":"https:\/\/www.gesamtschule-eiserfeld.de\/?page_id=79#breadcrumb"},"inLanguage":"de","potentialAction":[{"@type":"ReadAction","target":["https:\/\/www.gesamtschule-eiserfeld.de\/?page_id=79"]}]},{"@type":"ImageObject","inLanguage":"de","@id":"https:\/\/www.gesamtschule-eiserfeld.de\/?page_id=79#primaryimage","url":"http:\/\/gesamtschule-eiserfeld.de\/wp-content\/uploads\/2016\/04\/image_thumb-8.png","contentUrl":"http:\/\/gesamtschule-eiserfeld.de\/wp-content\/uploads\/2016\/04\/image_thumb-8.png"},{"@type":"BreadcrumbList","@id":"https:\/\/www.gesamtschule-eiserfeld.de\/?page_id=79#breadcrumb","itemListElement":[{"@type":"ListItem","position":1,"name":"Startseite","item":"https:\/\/www.gesamtschule-eiserfeld.de\/"},{"@type":"ListItem","position":2,"name":"Kontakt\/Anfahrt"}]},{"@type":"WebSite","@id":"https:\/\/www.gesamtschule-eiserfeld.de\/#website","url":"https:\/\/www.gesamtschule-eiserfeld.de\/","name":"Gesamtschule Eiserfeld","description":"","publisher":{"@id":"https:\/\/www.gesamtschule-eiserfeld.de\/#organization"},"potentialAction":[{"@type":"SearchAction","target":{"@type":"EntryPoint","urlTemplate":"https:\/\/www.gesamtschule-eiserfeld.de\/?s={search_term_string}"},"query-input":{"@type":"PropertyValueSpecification","valueRequired":true,"valueName":"search_term_string"}}],"inLanguage":"de"},{"@type":"Organization","@id":"https:\/\/www.gesamtschule-eiserfeld.de\/#organization","name":"Gesamtschule Eiserfeld","url":"https:\/\/www.gesamtschule-eiserfeld.de\/","logo":{"@type":"ImageObject","inLanguage":"de","@id":"https:\/\/www.gesamtschule-eiserfeld.de\/#\/schema\/logo\/image\/","url":"https:\/\/i1.wp.com\/www.gesamtschule-eiserfeld.de\/wp-content\/uploads\/2019\/01\/GEE-Logo-neu.jpg?fit=436%2C126&ssl=1","contentUrl":"https:\/\/i1.wp.com\/www.gesamtschule-eiserfeld.de\/wp-content\/uploads\/2019\/01\/GEE-Logo-neu.jpg?fit=436%2C126&ssl=1","width":436,"height":126,"caption":"Gesamtschule Eiserfeld"},"image":{"@id":"https:\/\/www.gesamtschule-eiserfeld.de\/#\/schema\/logo\/image\/"},"sameAs":["https:\/\/www.facebook.com\/GEEiserfeld"]}]}},"jetpack_shortlink":"https:\/\/wp.me\/P2weeL-1h","jetpack_sharing_enabled":true,"_links":{"self":[{"href":"https:\/\/www.gesamtschule-eiserfeld.de\/index.php?rest_route=\/wp\/v2\/pages\/79","targetHints":{"allow":["GET"]}}],"collection":[{"href":"https:\/\/www.gesamtschule-eiserfeld.de\/index.php?rest_route=\/wp\/v2\/pages"}],"about":[{"href":"https:\/\/www.gesamtschule-eiserfeld.de\/index.php?rest_route=\/wp\/v2\/types\/page"}],"author":[{"embeddable":true,"href":"https:\/\/www.gesamtschule-eiserfeld.de\/index.php?rest_route=\/wp\/v2\/users\/9"}],"replies":[{"embeddable":true,"href":"https:\/\/www.gesamtschule-eiserfeld.de\/index.php?rest_route=%2Fwp%2Fv2%2Fcomments&post=79"}],"version-history":[{"count":1,"href":"https:\/\/www.gesamtschule-eiserfeld.de\/index.php?rest_route=\/wp\/v2\/pages\/79\/revisions"}],"predecessor-version":[{"id":19395,"href":"https:\/\/www.gesamtschule-eiserfeld.de\/index.php?rest_route=\/wp\/v2\/pages\/79\/revisions\/19395"}],"wp:attachment":[{"href":"https:\/\/www.gesamtschule-eiserfeld.de\/index.php?rest_route=%2Fwp%2Fv2%2Fmedia&parent=79"}],"curies":[{"name":"wp","href":"https:\/\/api.w.org\/{rel}","templated":true}]}}